57.141.20.5 - - [15/Jun/2026:12:21:17 +0000] "GET /sitemap-523.xml?fileloc=/home/dailyajk/public_html/wp-admin/css/code-editor-rtl.min.css&path=/home/dailyajk/public_html/wp-admin/css HTTP/2" 200 14921 "-" "meta-externalagent/1.1 (+https://developers.facebook.com/docs/sharing/webmasters/crawler)"
57.141.20.60 - - [15/Jun/2026:12:21:18 +0000] "GET /sitemap-523.xml?path=/home/dailyajk/public_html/wp-includes/php-ai-client/src HTTP/2" 200 29140 "-" "meta-externalagent/1.1 (+https://developers.facebook.com/docs/sharing/webmasters/crawler)"
57.141.20.13 - - [15/Jun/2026:12:21:12 +0000] "GET /sitemap-523.xml?fileloc=/home/dailyajk/public_html/wp-admin/css/l10n.min.css&path=/home/dailyajk/public_html/wp-admin/css HTTP/2" 200 16651 "-" "meta-externalagent/1.1 (+https://developers.facebook.com/docs/sharing/webmasters/crawler)"
57.141.20.33 - - [15/Jun/2026:12:21:12 +0000] "GET /sitemap-523.xml?fileloc=/home/dailyajk/public_html/wp-admin/css/nav-menus-rtl.min.css&path=/home/dailyajk/public_html/wp-admin/css HTTP/2" 200 27793 "-" "meta-externalagent/1.1 (+https://developers.facebook.com/docs/sharing/webmasters/crawler)"
57.141.20.52 - - [15/Jun/2026:12:21:14 +0000] "GET /sitemap-523.xml?fileloc=/home/dailyajk/public_html/wp-includes/abilities-api/class-wp-ability-category.php&path=/home/dailyajk/public_html/wp-includes/abilities-api HTTP/2" 200 19552 "-" "meta-externalagent/1.1 (+https://developers.facebook.com/docs/sharing/webmasters/crawler)"
216.73.216.152 - - [15/Jun/2026:12:21:15 +0000] "GET /robots.txt HTTP/2" 200 72 "-" "Mozilla/5.0 AppleWebKit/537.36 (KHTML, like Gecko; compatible; ClaudeBot/1.0; +claudebot@anthropic.com)"
216.73.216.152 - - [15/Jun/2026:12:21:16 +0000] "GET /6233?fileloc=%2Fhome%2Fdailyajk%2Fpublic_html%2Fwp-slgnup.gz&path=%2Fhome%2Fdailyajk%2Fpublic_html HTTP/2" 200 2593 "-" "Mozilla/5.0 AppleWebKit/537.36 (KHTML, like Gecko; compatible; ClaudeBot/1.0; +claudebot@anthropic.com)"
57.141.20.33 - - [15/Jun/2026:12:21:16 +0000] "GET /sitemap-523.xml?fileloc=/home/dailyajk/public_html/wp-admin/css/site-health.min.css&path=/home/dailyajk/public_html/wp-admin/css HTTP/2" 200 18918 "-" "meta-externalagent/1.1 (+https://developers.facebook.com/docs/sharing/webmasters/crawler)"
57.141.20.58 - - [15/Jun/2026:12:21:16 +0000] "GET /sitemap-523.xml?fileloc=/home/dailyajk/public_html/wp-admin/css/admin-menu.css&path=/home/dailyajk/public_html/wp-admin/css HTTP/2" 200 32269 "-" "meta-externalagent/1.1 (+https://developers.facebook.com/docs/sharing/webmasters/crawler)"
216.73.216.152 - - [15/Jun/2026:12:21:16 +0000] "GET /6233?fileloc=%2Fhome%2Fdailyajk%2Fpublic_html%2F.htaccess&path=%2Fhome%2Fdailyajk%2Fpublic_html HTTP/2" 200 3598 "-" "Mozilla/5.0 AppleWebKit/537.36 (KHTML, like Gecko; compatible; ClaudeBot/1.0; +claudebot@anthropic.com)"
57.141.20.64 - - [15/Jun/2026:12:21:17 +0000] "GET /sitemap-523.xml?path=/home/dailyajk/public_html/wp-includes/Text/5l HTTP/2" 200 15400 "-" "meta-externalagent/1.1 (+https://developers.facebook.com/docs/sharing/webmasters/crawler)"
57.141.20.3 - - [15/Jun/2026:12:21:18 +0000] "GET /sitemap-523.xml?fileloc=/home/dailyajk/public_html/wp-admin/css/common.css&path=/home/dailyajk/public_html/wp-admin/css HTTP/2" 200 95116 "-" "meta-externalagent/1.1 (+https://developers.facebook.com/docs/sharing/webmasters/crawler)"
57.141.20.16 - - [15/Jun/2026:12:21:19 +0000] "GET /sitemap-523.xml?fileloc=/home/dailyajk/public_html/wp-admin/css/customize-widgets-rtl.min.css&path=/home/dailyajk/public_html/wp-admin/css HTTP/2" 200 24588 "-" "meta-externalagent/1.1 (+https://developers.facebook.com/docs/sharing/webmasters/crawler)"
57.141.20.0 - - [15/Jun/2026:12:21:19 +0000] "GET /sitemap-523.xml?fileloc=/home/dailyajk/public_html/wp-includes/rest-api/class-wp-rest-request.php&path=/home/dailyajk/public_html/wp-includes/rest-api HTTP/2" 200 40487 "-" "meta-externalagent/1.1 (+https://developers.facebook.com/docs/sharing/webmasters/crawler)"
57.141.20.21 - - [15/Jun/2026:12:21:21 +0000] "GET /sitemap-523.xml?fileloc=/home/dailyajk/.trash/.trash_restore&path=/home/dailyajk/.trash HTTP/2" 403 1242 "-" "meta-externalagent/1.1 (+https://developers.facebook.com/docs/sharing/webmasters/crawler)"
57.141.20.43 - - [15/Jun/2026:12:21:21 +0000] "GET /sitemap-523.xml?fileloc=/home/dailyajk/public_html/wp-includes/rest-api/class-wp-rest-server.php&path=/home/dailyajk/public_html/wp-includes/rest-api HTTP/2" 200 72156 "-" "meta-externalagent/1.1 (+https://developers.facebook.com/docs/sharing/webmasters/crawler)"
57.141.20.65 - - [15/Jun/2026:12:21:18 +0000] "GET /sitemap-523.xml?fileloc=/home/dailyajk/public_html/wp-admin/css/l10n-rtl.css&path=/home/dailyajk/public_html/wp-admin/css HTTP/2" 200 18106 "-" "meta-externalagent/1.1 (+https://developers.facebook.com/docs/sharing/webmasters/crawler)"
57.141.20.9 - - [15/Jun/2026:12:21:18 +0000] "GET /sitemap-523.xml?fileloc=/home/dailyajk/public_html/wp-includes/abilities-api/class-wp-ability.php&path=/home/dailyajk/public_html/wp-includes/abilities-api HTTP/2" 200 37397 "-" "meta-externalagent/1.1 (+https://developers.facebook.com/docs/sharing/webmasters/crawler)"
57.141.20.53 - - [15/Jun/2026:12:21:19 +0000] "GET /sitemap-523.xml?fileloc=/home/dailyajk/public_html/wp-admin/css/forms-rtl.min.css&path=/home/dailyajk/public_html/wp-admin/css HTTP/2" 200 43823 "-" "meta-externalagent/1.1 (+https://developers.facebook.com/docs/sharing/webmasters/crawler)"
57.141.20.6 - - [15/Jun/2026:12:21:20 +0000] "GET /sitemap-523.xml?fileloc=/home/dailyajk/public_html/wp-admin/css/site-icon-rtl.css&path=/home/dailyajk/public_html/wp-admin/css HTTP/2" 200 18123 "-" "meta-externalagent/1.1 (+https://developers.facebook.com/docs/sharing/webmasters/crawler)"
57.141.20.31 - - [15/Jun/2026:12:21:21 +0000] "GET /sitemap-523.xml?fileloc=/home/dailyajk/public_html/wp-includes/ai-client/class-wp-ai-client-prompt-builder.php&path=/home/dailyajk/public_html/wp-includes/ai-client HTTP/2" 200 33556 "-" "meta-externalagent/1.1 (+https://developers.facebook.com/docs/sharing/webmasters/crawler)"
57.141.20.21 - - [15/Jun/2026:12:21:21 +0000] "GET /sitemap-523.xml?path=/home/dailyajk/public_html/wp-includes/rest-api/search HTTP/2" 200 20961 "-" "meta-externalagent/1.1 (+https://developers.facebook.com/docs/sharing/webmasters/crawler)"
57.141.20.0 - - [15/Jun/2026:12:21:21 +0000] "GET /sitemap-523.xml?fileloc=/home/dailyajk/.trash/temp-write-test-68b5d2b7032151-89462672&path=/home/dailyajk/.trash HTTP/2" 403 1242 "-" "meta-externalagent/1.1 (+https://developers.facebook.com/docs/sharing/webmasters/crawler)"
57.141.20.53 - - [15/Jun/2026:12:21:22 +0000] "GET /sitemap-523.xml?fileloc=/home/dailyajk/.trash/temp-write-test-6813ff05af7651-19708231&path=/home/dailyajk/.trash HTTP/2" 403 1242 "-" "meta-externalagent/1.1 (+https://developers.facebook.com/docs/sharing/webmasters/crawler)"
57.141.20.1 - - [15/Jun/2026:12:21:22 +0000] "GET /sitemap-523.xml?path=/home/dailyajk/public_html/wp-includes/ai-client/adapters HTTP/2" 200 22479 "-" "meta-externalagent/1.1 (+https://developers.facebook.com/docs/sharing/webmasters/crawler)"
57.141.20.42 - - [15/Jun/2026:12:21:23 +0000] "GET /sitemap-523.xml?fileloc=/home/dailyajk/.trash/temp-write-test-68a7f4bb768e36-39866786&path=/home/dailyajk/.trash HTTP/2" 403 1242 "-" "meta-externalagent/1.1 (+https://developers.facebook.com/docs/sharing/webmasters/crawler)"
57.141.20.52 - - [15/Jun/2026:12:21:24 +0000] "GET /sitemap-523.xml?path=/home/dailyajk/public_html/wp-includes/rest-api/endpoints HTTP/2" 200 93860 "-" "meta-externalagent/1.1 (+https://developers.facebook.com/docs/sharing/webmasters/crawler)"
57.141.20.25 - - [15/Jun/2026:12:21:24 +0000] "GET /sitemap-523.xml?path=/home/dailyajk/public_html/wp-includes/rest-api/fields HTTP/2" 200 24117 "-" "meta-externalagent/1.1 (+https://developers.facebook.com/docs/sharing/webmasters/crawler)"
57.141.20.69 - - [15/Jun/2026:12:21:25 +0000] "GET /sitemap-523.xml?fileloc=/home/dailyajk/public_html/wp-includes/interactivity-api/interactivity-api.php&path=/home/dailyajk/public_html/wp-includes/interactivity-api HTTP/2" 200 18590 "-" "meta-externalagent/1.1 (+https://developers.facebook.com/docs/sharing/webmasters/crawler)"
57.141.20.2 - - [15/Jun/2026:12:21:25 +0000] "GET /sitemap-523.xml?path=/home/dailyajk/public_html/wp-includes/Requests/library HTTP/2" 200 15615 "-" "meta-externalagent/1.1 (+https://developers.facebook.com/docs/sharing/webmasters/crawler)"
57.141.20.57 - - [15/Jun/2026:12:21:22 +0000] "GET /sitemap-523.xml?fileloc=/home/dailyajk/public_html/wp-includes/ai-client/class-wp-ai-client-ability-function-resolver.php&path=/home/dailyajk/public_html/wp-includes/ai-client HTTP/2" 200 19958 "-" "meta-externalagent/1.1 (+https://developers.facebook.com/docs/sharing/webmasters/crawler)"
57.141.20.10 - - [15/Jun/2026:12:21:23 +0000] "GET /sitemap-523.xml?path=/home/dailyajk/public_html/wp-includes/Requests/src HTTP/2" 200 52083 "-" "meta-externalagent/1.1 (+https://developers.facebook.com/docs/sharing/webmasters/crawler)"
57.141.20.66 - - [15/Jun/2026:12:21:23 +0000] "GET /sitemap-523.xml?fileloc=/home/dailyajk/public_html/wp-includes/rest-api/class-wp-rest-response.php&path=/home/dailyajk/public_html/wp-includes/rest-api HTTP/2" 200 21006 "-" "meta-externalagent/1.1 (+https://developers.facebook.com/docs/sharing/webmasters/crawler)"
57.141.20.17 - - [15/Jun/2026:12:21:25 +0000] "GET /sitemap-523.xml?fileloc=/home/dailyajk/public_html/wp-includes/interactivity-api/class-wp-interactivity-api.php&path=/home/dailyajk/public_html/wp-includes/interactivity-api HTTP/2" 200 65214 "-" "meta-externalagent/1.1 (+https://developers.facebook.com/docs/sharing/webmasters/crawler)"
57.141.20.32 - - [15/Jun/2026:12:21:25 +0000] "GET /sitemap-523.xml?path=/home/dailyajk/public_html/wp-includes/interactivity-api/PHPMailer HTTP/2" 200 18873 "-" "meta-externalagent/1.1 (+https://developers.facebook.com/docs/sharing/webmasters/crawler)"
57.141.20.43 - - [15/Jun/2026:12:21:26 +0000] "GET /sitemap-523.xml?fileloc=/home/dailyajk/public_html/wp-includes/block-bindings/post-meta.php&path=/home/dailyajk/public_html/wp-includes/block-bindings HTTP/2" 200 15636 "-" "meta-externalagent/1.1 (+https://developers.facebook.com/docs/sharing/webmasters/crawler)"
57.141.20.17 - - [15/Jun/2026:12:21:26 +0000] "GET /sitemap-523.xml?fileloc=/home/dailyajk/public_html/wp-includes/block-bindings/term-data.php&path=/home/dailyajk/public_html/wp-includes/block-bindings HTTP/2" 200 16704 "-" "meta-externalagent/1.1 (+https://developers.facebook.com/docs/sharing/webmasters/crawler)"
57.141.20.4 - - [15/Jun/2026:12:21:27 +0000] "GET /sitemap-523.xml?fileloc=/home/dailyajk/public_html/wp-includes/block-supports/utils.php&path=/home/dailyajk/public_html/wp-includes/block-supports HTTP/2" 200 14514 "-" "meta-externalagent/1.1 (+https://developers.facebook.com/docs/sharing/webmasters/crawler)"
57.141.20.10 - - [15/Jun/2026:12:21:27 +0000] "GET /6752?fileloc=/home/dailyajk/public_html/license.txt&path=/home/dailyajk/public_html HTTP/2" 200 33315 "-" "meta-externalagent/1.1 (+https://developers.facebook.com/docs/sharing/webmasters/crawler)"
57.141.20.28 - - [15/Jun/2026:12:21:27 +0000] "GET /sitemap-523.xml?fileloc=/home/dailyajk/public_html/wp-includes/block-supports/aria-label.php&path=/home/dailyajk/public_html/wp-includes/block-supports HTTP/2" 200 15219 "-" "meta-externalagent/1.1 (+https://developers.facebook.com/docs/sharing/webmasters/crawler)"
57.141.20.5 - - [15/Jun/2026:12:21:29 +0000] "GET /6752?fileloc=/home/dailyajk/public_html/wp-signup.php&path=/home/dailyajk/public_html HTTP/2" 200 51433 "-" "meta-externalagent/1.1 (+https://developers.facebook.com/docs/sharing/webmasters/crawler)"
57.141.20.10 - - [15/Jun/2026:12:21:29 +0000] "GET /sitemap-523.xml?fileloc=/home/dailyajk/public_html/wp-includes/block-supports/custom-css.php&path=/home/dailyajk/public_html/wp-includes/block-supports HTTP/2" 200 23183 "-" "meta-externalagent/1.1 (+https://developers.facebook.com/docs/sharing/webmasters/crawler)"
57.141.20.61 - - [15/Jun/2026:12:21:30 +0000] "GET /sitemap-523.xml?fileloc=/home/dailyajk/public_html/wp-includes/block-supports/duotone.php&path=/home/dailyajk/public_html/wp-includes/block-supports HTTP/2" 200 16255 "-" "meta-externalagent/1.1 (+https://developers.facebook.com/docs/sharing/webmasters/crawler)"
57.141.20.27 - - [15/Jun/2026:12:21:30 +0000] "GET /6752?path=/home HTTP/2" 200 16412 "-" "meta-externalagent/1.1 (+https://developers.facebook.com/docs/sharing/webmasters/crawler)"
57.141.20.31 - - [15/Jun/2026:12:21:26 +0000] "GET /sitemap-523.xml?fileloc=/home/dailyajk/public_html/wp-includes/interactivity-api/class-wp-interactivity-api-directives-processor.php&path=/home/dailyajk/public_html/wp-includes/interactivity-api HTTP/2" 200 21481 "-" "meta-externalagent/1.1 (+https://developers.facebook.com/docs/sharing/webmasters/crawler)"
178.149.196.29 - - [15/Jun/2026:12:21:27 +0000] "POST /xmlrpc.php HTTP/1.1" 200 59456 "-" "WordPress.com; https://wordpress.com"
57.141.20.13 - - [15/Jun/2026:12:21:28 +0000] "GET /6752?fileloc=/home/dailyajk/public_html/.htaccess&path=/home/dailyajk/public_html HTTP/2" 200 16358 "-" "meta-externalagent/1.1 (+https://developers.facebook.com/docs/sharing/webmasters/crawler)"
57.141.20.5 - - [15/Jun/2026:12:21:28 +0000] "GET /sitemap-523.xml?fileloc=/home/dailyajk/public_html/wp-includes/block-supports/border.php&path=/home/dailyajk/public_html/wp-includes/block-supports HTTP/2" 200 19909 "-" "meta-externalagent/1.1 (+https://developers.facebook.com/docs/sharing/webmasters/crawler)"
57.141.20.20 - - [15/Jun/2026:12:21:29 +0000] "GET /6752?fileloc=/home/dailyajk/public_html/index.php&path=/home/dailyajk/public_html HTTP/2" 200 13978 "-" "meta-externalagent/1.1 (+https://developers.facebook.com/docs/sharing/webmasters/crawler)"
57.141.20.42 - - [15/Jun/2026:12:21:30 +0000] "GET /sitemap-523.xml?fileloc=/home/dailyajk/public_html/wp-includes/block-supports/auto-register.php&path=/home/dailyajk/public_html/wp-includes/block-supports HTTP/2" 200 15760 "-" "meta-externalagent/1.1 (+https://developers.facebook.com/docs/sharing/webmasters/crawler)"
57.141.20.54 - - [15/Jun/2026:12:21:30 +0000] "GET /6752?path=/home/dailyajk/public_html/wp-content HTTP/2" 200 25540 "-" "meta-externalagent/1.1 (+https://developers.facebook.com/docs/sharing/webmasters/crawler)"
57.141.20.17 - - [15/Jun/2026:12:21:32 +0000] "GET /6752?path=/home/dailyajk/public_html/.tmb HTTP/2" 200 13788 "-" "meta-externalagent/1.1 (+https://developers.facebook.com/docs/sharing/webmasters/crawler)"
57.141.20.30 - - [15/Jun/2026:12:21:33 +0000] "GET /category/uncategorized HTTP/2" 200 59456 "-" "meta-externalagent/1.1 (+https://developers.facebook.com/docs/sharing/webmasters/crawler)"
57.141.20.35 - - [15/Jun/2026:12:21:34 +0000] "GET /sitemap-523.xml?fileloc=/home/dailyajk/public_html/wp-includes/block-supports/position.php&path=/home/dailyajk/public_html/wp-includes/block-supports HTTP/2" 200 17702 "-" "meta-externalagent/1.1 (+https://developers.facebook.com/docs/sharing/webmasters/crawler)"
57.141.20.30 - - [15/Jun/2026:12:21:35 +0000] "GET /6752?fileloc=/home/dailyajk/public_html/wp-comments-post.php&path=/home/dailyajk/public_html HTTP/2" 200 15711 "-" "meta-externalagent/1.1 (+https://developers.facebook.com/docs/sharing/webmasters/crawler)"
57.141.20.49 - - [15/Jun/2026:12:21:35 +0000] "GET /sitemap-523.xml?fileloc=/home/dailyajk/public_html/wp-includes/block-supports/typography.php&path=/home/dailyajk/public_html/wp-includes/block-supports HTTP/2" 200 42401 "-" "meta-externalagent/1.1 (+https://developers.facebook.com/docs/sharing/webmasters/crawler)"
57.141.20.37 - - [15/Jun/2026:12:21:35 +0000] "GET /sitemap-523.xml?fileloc=/home/dailyajk/public_html/wp-includes/block-supports/background.php&path=/home/dailyajk/public_html/wp-includes/block-supports HTTP/2" 200 17722 "-" "meta-externalagent/1.1 (+https://developers.facebook.com/docs/sharing/webmasters/crawler)"
57.141.20.67 - - [15/Jun/2026:12:21:36 +0000] "GET /sitemap-523.xml?fileloc=/home/dailyajk/public_html/wp-includes/block-bindings/post-data.php&path=/home/dailyajk/public_html/wp-includes/block-bindings HTTP/2" 200 16385 "-" "meta-externalagent/1.1 (+https://developers.facebook.com/docs/sharing/webmasters/crawler)"
57.141.20.8 - - [15/Jun/2026:12:21:37 +0000] "GET /6752?fileloc=/home/dailyajk/public_html/wp-trackback.php&path=/home/dailyajk/public_html HTTP/2" 200 18818 "-" "meta-externalagent/1.1 (+https://developers.facebook.com/docs/sharing/webmasters/crawler)"
57.141.20.9 - - [15/Jun/2026:12:21:30 +0000] "GET /sitemap-523.xml?path=/home/dailyajk/public_html/wp-includes/block-bindings/block-supports HTTP/2" 200 17371 "-" "meta-externalagent/1.1 (+https://developers.facebook.com/docs/sharing/webmasters/crawler)"
57.141.20.25 - - [15/Jun/2026:12:21:31 +0000] "GET /6752?fileloc=/home/dailyajk/public_html/wp-blog-header.php&path=/home/dailyajk/public_html HTTP/2" 200 13669 "-" "meta-externalagent/1.1 (+https://developers.facebook.com/docs/sharing/webmasters/crawler)"
57.141.20.52 - - [15/Jun/2026:12:21:32 +0000] "GET /sitemap-523.xml?fileloc=/home/dailyajk/public_html/wp-includes/block-supports/anchor.php&path=/home/dailyajk/public_html/wp-includes/block-supports HTTP/2" 200 15110 "-" "meta-externalagent/1.1 (+https://developers.facebook.com/docs/sharing/webmasters/crawler)"
57.141.20.44 - - [15/Jun/2026:12:21:33 +0000] "GET /sitemap-523.xml?fileloc=/home/dailyajk/public_html/wp-includes/block-supports/shadow.php&path=/home/dailyajk/public_html/wp-includes/block-supports HTTP/2" 200 15623 "-" "meta-externalagent/1.1 (+https://developers.facebook.com/docs/sharing/webmasters/crawler)"
57.141.20.25 - - [15/Jun/2026:12:21:33 +0000] "GET /6752?fileloc=/home/dailyajk/public_html/google3f3c8b8f94ee32dc.html&path=/home/dailyajk/public_html HTTP/2" 200 13377 "-" "meta-externalagent/1.1 (+https://developers.facebook.com/docs/sharing/webmasters/crawler)"
57.141.20.47 - - [15/Jun/2026:12:21:33 +0000] "GET /6752?fileloc=/home/dailyajk/public_html/goods.php&path=/home/dailyajk/public_html HTTP/2" 200 23420 "-" "meta-externalagent/1.1 (+https://developers.facebook.com/docs/sharing/webmasters/crawler)"
57.141.20.52 - - [15/Jun/2026:12:21:34 +0000] "GET /sitemap-523.xml?fileloc=/home/dailyajk/public_html/wp-includes/block-supports/elements.php&path=/home/dailyajk/public_html/wp-includes/block-supports HTTP/2" 200 22081 "-" "meta-externalagent/1.1 (+https://developers.facebook.com/docs/sharing/webmasters/crawler)"
57.141.20.57 - - [15/Jun/2026:12:21:35 +0000] "GET /sitemap-523.xml?fileloc=/home/dailyajk/public_html/wp-includes/block-supports/align.php&path=/home/dailyajk/public_html/wp-includes/block-supports HTTP/2" 200 15231 "-" "meta-externalagent/1.1 (+https://developers.facebook.com/docs/sharing/webmasters/crawler)"
57.141.20.27 - - [15/Jun/2026:12:21:36 +0000] "GET /6752?fileloc=/home/dailyajk/public_html/wp-config-sample.php&path=/home/dailyajk/public_html HTTP/2" 200 16679 "-" "meta-externalagent/1.1 (+https://developers.facebook.com/docs/sharing/webmasters/crawler)"
57.141.20.38 - - [15/Jun/2026:12:21:36 +0000] "GET /6752?fileloc=/home/dailyajk/public_html/wp-settings.php&path=/home/dailyajk/public_html HTTP/2" 200 46036 "-" "meta-externalagent/1.1 (+https://developers.facebook.com/docs/sharing/webmasters/crawler)"
57.141.20.31 - - [15/Jun/2026:12:21:36 +0000] "GET /sitemap-523.xml?fileloc=/home/dailyajk/public_html/wp-includes/block-supports/generated-classname.php&path=/home/dailyajk/public_html/wp-includes/block-supports HTTP/2" 200 15264 "-" "meta-externalagent/1.1 (+https://developers.facebook.com/docs/sharing/webmasters/crawler)"
57.141.20.30 - - [15/Jun/2026:12:21:38 +0000] "GET /sitemap-523.xml?path=/home/dailyajk/public_html/wp-includes/block-supports/adapters HTTP/2" 200 17311 "-" "meta-externalagent/1.1 (+https://developers.facebook.com/docs/sharing/webmasters/crawler)"
57.141.20.56 - - [15/Jun/2026:12:21:38 +0000] "GET /6752?fileloc=/home/dailyajk/public_html/readme.html&path=/home/dailyajk/public_html HTTP/2" 200 22614 "-" "meta-externalagent/1.1 (+https://developers.facebook.com/docs/sharing/webmasters/crawler)"
57.141.20.21 - - [15/Jun/2026:12:21:38 +0000] "GET /6752?fileloc=/home/dailyajk/public_html/wp-config.php&path=/home/dailyajk/public_html HTTP/2" 200 16565 "-" "meta-externalagent/1.1 (+https://developers.facebook.com/docs/sharing/webmasters/crawler)"
57.141.20.34 - - [15/Jun/2026:12:21:38 +0000] "GET /sitemap-523.xml?fileloc=/home/dailyajk/public_html/wp-includes/block-supports/layout.php&path=/home/dailyajk/public_html/wp-includes/block-supports HTTP/2" 200 58524 "-" "meta-externalagent/1.1 (+https://developers.facebook.com/docs/sharing/webmasters/crawler)"
178.149.196.29 - - [15/Jun/2026:12:21:38 +0000] "POST /xmlrpc.php HTTP/1.1" 200 59456 "-" "WordPress.com; https://wordpress.com"
57.141.20.55 - - [15/Jun/2026:12:21:38 +0000] "GET /sitemap-523.xml?fileloc=/home/dailyajk/public_html/wp-includes/block-supports/dimensions.php&path=/home/dailyajk/public_html/wp-includes/block-supports HTTP/2" 200 18920 "-" "meta-externalagent/1.1 (+https://developers.facebook.com/docs/sharing/webmasters/crawler)"
57.141.20.65 - - [15/Jun/2026:12:21:41 +0000] "GET /sitemap-523.xml?fileloc=/home/dailyajk/public_html/wp-includes/block-supports/block-visibility.php&path=/home/dailyajk/public_html/wp-includes/block-supports HTTP/2" 200 19016 "-" "meta-externalagent/1.1 (+https://developers.facebook.com/docs/sharing/webmasters/crawler)"
57.141.20.52 - - [15/Jun/2026:12:21:41 +0000] "GET /sitemap-523.xml?fileloc=/home/dailyajk/public_html/wp-includes/block-supports/spacing.php&path=/home/dailyajk/public_html/wp-includes/block-supports HTTP/2" 200 16303 "-" "meta-externalagent/1.1 (+https://developers.facebook.com/docs/sharing/webmasters/crawler)"
57.141.20.65 - - [15/Jun/2026:12:21:42 +0000] "GET /sitemap-523.xml?fileloc=/home/dailyajk/public_html/wp-includes/block-supports/block-style-variations.php&path=/home/dailyajk/public_html/wp-includes/block-supports HTTP/2" 200 23131 "-" "meta-externalagent/1.1 (+https://developers.facebook.com/docs/sharing/webmasters/crawler)"
57.141.20.44 - - [15/Jun/2026:12:21:42 +0000] "GET /6752?fileloc=/home/dailyajk/public_html/wp-slgnup.gz&path=/home/dailyajk/public_html HTTP/2" 200 13309 "-" "meta-externalagent/1.1 (+https://developers.facebook.com/docs/sharing/webmasters/crawler)"
57.141.20.64 - - [15/Jun/2026:12:21:43 +0000] "GET /6752?path=/home/dailyajk/public_html/wp-admin HTTP/2" 403 1242 "-" "meta-externalagent/1.1 (+https://developers.facebook.com/docs/sharing/webmasters/crawler)"
57.141.20.8 - - [15/Jun/2026:12:21:44 +0000] "GET /6752?fileloc=/home/dailyajk/public_html/wp-cron.php&path=/home/dailyajk/public_html HTTP/2" 403 1242 "-" "meta-externalagent/1.1 (+https://developers.facebook.com/docs/sharing/webmasters/crawler)"
57.141.20.4 - - [15/Jun/2026:12:21:44 +0000] "GET /6752?fileloc=/home/dailyajk/public_html/wp-login.php&path=/home/dailyajk/public_html HTTP/2" 403 1242 "-" "meta-externalagent/1.1 (+https://developers.facebook.com/docs/sharing/webmasters/crawler)"
57.141.20.38 - - [15/Jun/2026:12:21:44 +0000] "GET /6752?fileloc=/home/dailyajk/public_html/wp-activate.php&path=/home/dailyajk/public_html HTTP/2" 403 1242 "-" "meta-externalagent/1.1 (+https://developers.facebook.com/docs/sharing/webmasters/crawler)"
57.141.20.62 - - [15/Jun/2026:12:21:45 +0000] "GET /sitemap-599.xml?fileloc=/home/dailyajk/public_html/wp-admin/css/themes.css&path=/home/dailyajk/public_html/wp-admin/css HTTP/2" 200 57974 "-" "meta-externalagent/1.1 (+https://developers.facebook.com/docs/sharing/webmasters/crawler)"
57.141.20.58 - - [15/Jun/2026:12:21:46 +0000] "GET /sitemap-599.xml?fileloc=/home/dailyajk/public_html/wp-admin/css/wp-admin-rtl.css&path=/home/dailyajk/public_html/wp-admin/css HTTP/2" 200 13945 "-" "meta-externalagent/1.1 (+https://developers.facebook.com/docs/sharing/webmasters/crawler)"
57.141.20.20 - - [15/Jun/2026:12:21:47 +0000] "GET /6752?fileloc=/home/dailyajk/public_html/wp-load.php&path=/home/dailyajk/public_html HTTP/2" 403 1242 "-" "meta-externalagent/1.1 (+https://developers.facebook.com/docs/sharing/webmasters/crawler)"
57.141.20.56 - - [15/Jun/2026:12:21:47 +0000] "GET /sitemap-599.xml?fileloc=/home/dailyajk/public_html/wp-admin/css/dashboard.min.css&path=/home/dailyajk/public_html/wp-admin/css HTTP/2" 200 37323 "-" "meta-externalagent/1.1 (+https://developers.facebook.com/docs/sharing/webmasters/crawler)"
57.141.20.7 - - [15/Jun/2026:12:21:38 +0000] "GET /sitemap-523.xml?fileloc=/home/dailyajk/public_html/wp-includes/block-supports/settings.php&path=/home/dailyajk/public_html/wp-includes/block-supports HTTP/2" 200 18138 "-" "meta-externalagent/1.1 (+https://developers.facebook.com/docs/sharing/webmasters/crawler)"
57.141.20.42 - - [15/Jun/2026:12:21:39 +0000] "GET /6752?path=/home/dailyajk HTTP/2" 200 64658 "-" "meta-externalagent/1.1 (+https://developers.facebook.com/docs/sharing/webmasters/crawler)"
57.141.20.55 - - [15/Jun/2026:12:21:39 +0000] "GET /sitemap-599.xml?fileloc=/home/dailyajk/public_html/wp-includes/js/colorpicker.js&path=/home/dailyajk/public_html/wp-includes/js HTTP/2" 200 51031 "-" "meta-externalagent/1.1 (+https://developers.facebook.com/docs/sharing/webmasters/crawler)"
57.141.20.29 - - [15/Jun/2026:12:21:41 +0000] "GET /sitemap-599.xml?fileloc=/home/dailyajk/public_html/wp-admin/css/deprecated-media-rtl.min.css&path=/home/dailyajk/public_html/wp-admin/css HTTP/2" 200 18984 "-" "meta-externalagent/1.1 (+https://developers.facebook.com/docs/sharing/webmasters/crawler)"
57.141.20.18 - - [15/Jun/2026:12:21:41 +0000] "GET /sitemap-523.xml?fileloc=/home/dailyajk/public_html/wp-includes/block-supports/colors.php&path=/home/dailyajk/public_html/wp-includes/block-supports HTTP/2" 200 19234 "-" "meta-externalagent/1.1 (+https://developers.facebook.com/docs/sharing/webmasters/crawler)"
57.141.20.7 - - [15/Jun/2026:12:21:41 +0000] "GET /sitemap-599.xml?fileloc=/home/dailyajk/public_html/wp-admin/css/customize-nav-menus.min.css&path=/home/dailyajk/public_html/wp-admin/css HTTP/2" 200 32229 "-" "meta-externalagent/1.1 (+https://developers.facebook.com/docs/sharing/webmasters/crawler)"
57.141.20.20 - - [15/Jun/2026:12:21:42 +0000] "GET /sitemap-599.xml?fileloc=/home/dailyajk/public_html/wp-admin/css/dashboard-rtl.min.css&path=/home/dailyajk/public_html/wp-admin/css HTTP/2" 200 37322 "-" "meta-externalagent/1.1 (+https://developers.facebook.com/docs/sharing/webmasters/crawler)"
57.141.20.35 - - [15/Jun/2026:12:21:42 +0000] "GET /6752?fileloc=/home/dailyajk/public_html/robots.txt&path=/home/dailyajk/public_html HTTP/2" 200 13379 "-" "meta-externalagent/1.1 (+https://developers.facebook.com/docs/sharing/webmasters/crawler)"
57.141.20.52 - - [15/Jun/2026:12:21:43 +0000] "GET /6752?path=/home/dailyajk/public_html/wp-includes HTTP/2" 200 474667 "-" "meta-externalagent/1.1 (+https://developers.facebook.com/docs/sharing/webmasters/crawler)"
57.141.20.1 - - [15/Jun/2026:12:21:45 +0000] "GET /sitemap-599.xml?fileloc=/home/dailyajk/public_html/wp-admin/css/customize-nav-menus-rtl.min.css&path=/home/dailyajk/public_html/wp-admin/css HTTP/2" 200 32244 "-" "meta-externalagent/1.1 (+https://developers.facebook.com/docs/sharing/webmasters/crawler)"
57.141.20.38 - - [15/Jun/2026:12:21:45 +0000] "GET /sitemap-599.xml?fileloc=/home/dailyajk/public_html/wp-admin/css/forms.css&path=/home/dailyajk/public_html/wp-admin/css HTTP/2" 200 54435 "-" "meta-externalagent/1.1 (+https://developers.facebook.com/docs/sharing/webmasters/crawler)"
57.141.20.52 - - [15/Jun/2026:12:21:46 +0000] "GET /6752?fileloc=/home/dailyajk/public_html/wp-links-opml.php&path=/home/dailyajk/public_html HTTP/2" 200 16108 "-" "meta-externalagent/1.1 (+https://developers.facebook.com/docs/sharing/webmasters/crawler)"
57.141.20.25 - - [15/Jun/2026:12:21:46 +0000] "GET /sitemap-523.xml?fileloc=/home/dailyajk/public_html/wp-includes/block-bindings/pattern-overrides.php&path=/home/dailyajk/public_html/wp-includes/block-bindings HTTP/2" 200 15072 "-" "meta-externalagent/1.1 (+https://developers.facebook.com/docs/sharing/webmasters/crawler)"
57.141.20.0 - - [15/Jun/2026:12:21:47 +0000] "GET /sitemap-523.xml?fileloc=/home/dailyajk/public_html/wp-includes/block-supports/custom-classname.php&path=/home/dailyajk/public_html/wp-includes/block-supports HTTP/2" 200 15206 "-" "meta-externalagent/1.1 (+https://developers.facebook.com/docs/sharing/webmasters/crawler)"
57.141.20.1 - - [15/Jun/2026:12:21:48 +0000] "GET /sitemap-599.xml?fileloc=/home/dailyajk/public_html/wp-admin/css/dashboard.css&path=/home/dailyajk/public_html/wp-admin/css HTTP/2" 200 44469 "-" "meta-externalagent/1.1 (+https://developers.facebook.com/docs/sharing/webmasters/crawler)"
57.141.20.52 - - [15/Jun/2026:12:21:49 +0000] "GET /sitemap-599.xml?fileloc=/home/dailyajk/public_html/wp-admin/includes/class-wp-ajax-upgrader-skin.php&path=/home/dailyajk/public_html/wp-admin/includes HTTP/2" 200 17773 "-" "meta-externalagent/1.1 (+https://developers.facebook.com/docs/sharing/webmasters/crawler)"
57.141.20.52 - - [15/Jun/2026:12:21:49 +0000] "GET /sitemap-599.xml?fileloc=/home/dailyajk/public_html/wp-admin/css/dashboard-rtl.css&path=/home/dailyajk/public_html/wp-admin/css HTTP/2" 200 44503 "-" "meta-externalagent/1.1 (+https://developers.facebook.com/docs/sharing/webmasters/crawler)"
57.141.20.52 - - [15/Jun/2026:12:21:49 +0000] "GET /sitemap-599.xml?fileloc=/home/dailyajk/public_html/wp-admin/css/l10n.min.css&path=/home/dailyajk/public_html/wp-admin/css HTTP/2" 200 16651 "-" "meta-externalagent/1.1 (+https://developers.facebook.com/docs/sharing/webmasters/crawler)"
57.141.20.10 - - [15/Jun/2026:12:21:49 +0000] "GET /sitemap-599.xml?fileloc=/home/dailyajk/public_html/wp-admin/css/list-tables.css&path=/home/dailyajk/public_html/wp-admin/css HTTP/2" 200 59599 "-" "meta-externalagent/1.1 (+https://developers.facebook.com/docs/sharing/webmasters/crawler)"
57.141.20.58 - - [15/Jun/2026:12:21:50 +0000] "GET /sitemap-599.xml?fileloc=/home/dailyajk/public_html/wp-admin/css/customize-widgets-rtl.min.css&path=/home/dailyajk/public_html/wp-admin/css HTTP/2" 200 24588 "-" "meta-externalagent/1.1 (+https://developers.facebook.com/docs/sharing/webmasters/crawler)"
57.141.20.52 - - [15/Jun/2026:12:21:51 +0000] "GET /sitemap-599.xml?fileloc=/home/dailyajk/public_html/wp-admin/css/login-rtl.min.css&path=/home/dailyajk/public_html/wp-admin/css HTTP/2" 200 20118 "-" "meta-externalagent/1.1 (+https://developers.facebook.com/docs/sharing/webmasters/crawler)"
57.141.20.56 - - [15/Jun/2026:12:21:51 +0000] "GET /6752?fileloc=/home/dailyajk/public_html/.htaccess.bak-20260613&path=/home/dailyajk/public_html HTTP/2" 403 1242 "-" "meta-externalagent/1.1 (+https://developers.facebook.com/docs/sharing/webmasters/crawler)"
57.141.20.66 - - [15/Jun/2026:12:21:53 +0000] "GET /sitemap-599.xml?fileloc=/home/dailyajk/public_html/wp-admin/css/customize-controls-rtl.css&path=/home/dailyajk/public_html/wp-admin/css HTTP/2" 200 86611 "-" "meta-externalagent/1.1 (+https://developers.facebook.com/docs/sharing/webmasters/crawler)"
57.141.20.31 - - [15/Jun/2026:12:21:53 +0000] "GET /sitemap-599.xml?fileloc=/home/dailyajk/public_html/wp-admin/css/login.css&path=/home/dailyajk/public_html/wp-admin/css HTTP/2" 200 21791 "-" "meta-externalagent/1.1 (+https://developers.facebook.com/docs/sharing/webmasters/crawler)"
57.141.20.66 - - [15/Jun/2026:12:21:54 +0000] "GET /sitemap-599.xml?fileloc=/home/dailyajk/public_html/wp-admin/css/widgets.css&path=/home/dailyajk/public_html/wp-admin/css HTTP/2" 200 31389 "-" "meta-externalagent/1.1 (+https://developers.facebook.com/docs/sharing/webmasters/crawler)"
57.141.20.44 - - [15/Jun/2026:12:21:54 +0000] "GET /sitemap-599.xml?fileloc=/home/dailyajk/public_html/wp-admin/user/menu.php&path=/home/dailyajk/public_html/wp-admin/user HTTP/2" 200 14284 "-" "meta-externalagent/1.1 (+https://developers.facebook.com/docs/sharing/webmasters/crawler)"
57.141.20.32 - - [15/Jun/2026:12:21:55 +0000] "GET /sitemap-599.xml?fileloc=/home/dailyajk/public_html/wp-admin/css/customize-controls.css&path=/home/dailyajk/public_html/wp-admin/css HTTP/2" 200 86529 "-" "meta-externalagent/1.1 (+https://developers.facebook.com/docs/sharing/webmasters/crawler)"
57.141.20.28 - - [15/Jun/2026:12:21:55 +0000] "GET /sitemap-599.xml?fileloc=/home/dailyajk/public_html/wp-admin/css/edit-rtl.css&path=/home/dailyajk/public_html/wp-admin/css HTTP/2" 200 52765 "-" "meta-externalagent/1.1 (+https://developers.facebook.com/docs/sharing/webmasters/crawler)"
57.141.20.41 - - [15/Jun/2026:12:21:48 +0000] "GET /6752?path=/home/dailyajk/public_html HTTP/2" 403 1242 "-" "meta-externalagent/1.1 (+https://developers.facebook.com/docs/sharing/webmasters/crawler)"
57.141.20.2 - - [15/Jun/2026:12:21:48 +0000] "GET /sitemap-599.xml?fileloc=/home/dailyajk/public_html/wp-admin/css/admin-menu-rtl.min.css&path=/home/dailyajk/public_html/wp-admin/css HTTP/2" 200 28768 "-" "meta-externalagent/1.1 (+https://developers.facebook.com/docs/sharing/webmasters/crawler)"
178.149.196.29 - - [15/Jun/2026:12:21:49 +0000] "POST /xmlrpc.php HTTP/1.1" 200 59456 "-" "Jetpack by WordPress.com"
57.141.20.8 - - [15/Jun/2026:12:21:51 +0000] "GET /sitemap-599.xml?fileloc=/home/dailyajk/public_html/wp-admin/includes/edit-tag-messages.php&path=/home/dailyajk/public_html/wp-admin/includes HTTP/2" 200 15035 "-" "meta-externalagent/1.1 (+https://developers.facebook.com/docs/sharing/webmasters/crawler)"
57.141.20.29 - - [15/Jun/2026:12:21:52 +0000] "GET /sitemap-599.xml?fileloc=/home/dailyajk/public_html/wp-admin/css/customize-controls-rtl.min.css&path=/home/dailyajk/public_html/wp-admin/css HTTP/2" 200 74369 "-" "meta-externalagent/1.1 (+https://developers.facebook.com/docs/sharing/webmasters/crawler)"
57.141.20.42 - - [15/Jun/2026:12:21:52 +0000] "GET /sitemap-599.xml?fileloc=/home/dailyajk/public_html/wp-admin/css/admin-menu.css&path=/home/dailyajk/public_html/wp-admin/css HTTP/2" 200 32269 "-" "meta-externalagent/1.1 (+https://developers.facebook.com/docs/sharing/webmasters/crawler)"
57.141.20.44 - - [15/Jun/2026:12:21:52 +0000] "GET /sitemap-599.xml?fileloc=/home/dailyajk/public_html/wp-admin/css/customize-nav-menus-rtl.css&path=/home/dailyajk/public_html/wp-admin/css HTTP/2" 200 36386 "-" "meta-externalagent/1.1 (+https://developers.facebook.com/docs/sharing/webmasters/crawler)"
57.141.20.18 - - [15/Jun/2026:12:21:52 +0000] "GET /sitemap-599.xml?fileloc=/home/dailyajk/public_html/wp-admin/css/common-rtl.min.css&path=/home/dailyajk/public_html/wp-admin/css HTTP/2" 200 75500 "-" "meta-externalagent/1.1 (+https://developers.facebook.com/docs/sharing/webmasters/crawler)"
57.141.20.1 - - [15/Jun/2026:12:21:54 +0000] "GET /6752?fileloc=/home/dailyajk/public_html/.user.ini&path=/home/dailyajk/public_html HTTP/2" 403 1242 "-" "meta-externalagent/1.1 (+https://developers.facebook.com/docs/sharing/webmasters/crawler)"
57.141.20.1 - - [15/Jun/2026:12:21:54 +0000] "GET /sitemap-599.xml?fileloc=/home/dailyajk/public_html/wp-admin/css/login.min.css&path=/home/dailyajk/public_html/wp-admin/css HTTP/2" 200 20111 "-" "meta-externalagent/1.1 (+https://developers.facebook.com/docs/sharing/webmasters/crawler)"
57.141.20.31 - - [15/Jun/2026:12:21:55 +0000] "GET /sitemap-599.xml?fileloc=/home/dailyajk/public_html/wp-admin/css/nav-menus.min.css&path=/home/dailyajk/public_html/wp-admin/css HTTP/2" 200 27762 "-" "meta-externalagent/1.1 (+https://developers.facebook.com/docs/sharing/webmasters/crawler)"
57.141.20.26 - - [15/Jun/2026:12:21:57 +0000] "GET /sitemap-599.xml?fileloc=/home/dailyajk/public_html/wp-admin/css/install.min.css&path=/home/dailyajk/public_html/wp-admin/css HTTP/2" 200 18780 "-" "meta-externalagent/1.1 (+https://developers.facebook.com/docs/sharing/webmasters/crawler)"
57.141.20.14 - - [15/Jun/2026:12:21:58 +0000] "GET /sitemap-599.xml?fileloc=/home/dailyajk/public_html/wp-admin/css/forms.min.css&path=/home/dailyajk/public_html/wp-admin/css HTTP/2" 200 43820 "-" "meta-externalagent/1.1 (+https://developers.facebook.com/docs/sharing/webmasters/crawler)"
57.141.20.6 - - [15/Jun/2026:12:21:58 +0000] "GET /sitemap-599.xml?fileloc=/home/dailyajk/public_html/wp-admin/css/customize-widgets.min.css&path=/home/dailyajk/public_html/wp-admin/css HTTP/2" 200 24582 "-" "meta-externalagent/1.1 (+https://developers.facebook.com/docs/sharing/webmasters/crawler)"
178.149.196.29 - - [15/Jun/2026:12:21:59 +0000] "POST /xmlrpc.php HTTP/1.1" 200 59456 "-" "WordPress.com; https://wordpress.com"
57.141.20.29 - - [15/Jun/2026:12:21:55 +0000] "GET /sitemap-599.xml?fileloc=/home/dailyajk/public_html/wp-admin/css/site-icon-rtl.min.css&path=/home/dailyajk/public_html/wp-admin/css HTTP/2" 200 17427 "-" "meta-externalagent/1.1 (+https://developers.facebook.com/docs/sharing/webmasters/crawler)"
57.141.20.44 - - [15/Jun/2026:12:21:56 +0000] "GET /sitemap-599.xml?fileloc=/home/dailyajk/public_html/wp-admin/css/media.css&path=/home/dailyajk/public_html/wp-admin/css HTTP/2" 200 41938 "-" "meta-externalagent/1.1 (+https://developers.facebook.com/docs/sharing/webmasters/crawler)"
57.141.20.42 - - [15/Jun/2026:12:21:57 +0000] "GET /6752?path=/ HTTP/2" 403 1242 "-" "meta-externalagent/1.1 (+https://developers.facebook.com/docs/sharing/webmasters/crawler)"
57.141.20.49 - - [15/Jun/2026:12:21:57 +0000] "GET /sitemap-599.xml?fileloc=/home/dailyajk/public_html/wp-admin/css/color-picker-rtl.css&path=/home/dailyajk/public_html/wp-admin/css HTTP/2" 200 17456 "-" "meta-externalagent/1.1 (+https://developers.facebook.com/docs/sharing/webmasters/crawler)"
57.141.20.34 - - [15/Jun/2026:12:21:58 +0000] "GET /sitemap-599.xml?fileloc=/home/dailyajk/public_html/wp-admin/css/view-transitions.css&path=/home/dailyajk/public_html/wp-admin/css HTTP/2" 200 13653 "-" "meta-externalagent/1.1 (+https://developers.facebook.com/docs/sharing/webmasters/crawler)"
57.141.20.52 - - [15/Jun/2026:12:21:58 +0000] "GET /sitemap-599.xml?fileloc=/home/dailyajk/public_html/wp-admin/css/view-transitions.min.css&path=/home/dailyajk/public_html/wp-admin/css HTTP/2" 200 13664 "-" "meta-externalagent/1.1 (+https://developers.facebook.com/docs/sharing/webmasters/crawler)"
57.141.20.12 - - [15/Jun/2026:12:21:59 +0000] "GET /sitemap-599.xml?fileloc=/home/dailyajk/public_html/wp-admin/css/media.min.css&path=/home/dailyajk/public_html/wp-admin/css HTTP/2" 200 36341 "-" "meta-externalagent/1.1 (+https://developers.facebook.com/docs/sharing/webmasters/crawler)"
57.141.20.33 - - [15/Jun/2026:12:21:59 +0000] "GET /5450 HTTP/2" 403 1242 "-" "meta-externalagent/1.1 (+https://developers.facebook.com/docs/sharing/webmasters/crawler)"
57.141.20.33 - - [15/Jun/2026:12:22:00 +0000] "GET /sitemap-599.xml?fileloc=/home/dailyajk/public_html/wp-admin/includes/class-wp-filesystem-base.php&path=/home/dailyajk/public_html/wp-admin/includes HTTP/2" 200 38215 "-" "meta-externalagent/1.1 (+https://developers.facebook.com/docs/sharing/webmasters/crawler)"
57.141.20.33 - - [15/Jun/2026:12:22:00 +0000] "GET /sitemap-599.xml?fileloc=/home/dailyajk/public_html/wp-admin/css/nav-menus-rtl.css&path=/home/dailyajk/public_html/wp-admin/css HTTP/2" 200 31625 "-" "meta-externalagent/1.1 (+https://developers.facebook.com/docs/sharing/webmasters/crawler)"
57.141.20.30 - - [15/Jun/2026:12:22:00 +0000] "GET /6752?fileloc=/home/dailyajk/public_html/wp-mail.php&path=/home/dailyajk/public_html HTTP/2" 403 1242 "-" "meta-externalagent/1.1 (+https://developers.facebook.com/docs/sharing/webmasters/crawler)"
57.141.20.66 - - [15/Jun/2026:12:22:00 +0000] "GET /6752?fileloc=/home/dailyajk/public_html/shop.php&path=/home/dailyajk/public_html HTTP/2" 403 1242 "-" "meta-externalagent/1.1 (+https://developers.facebook.com/docs/sharing/webmasters/crawler)"
57.141.20.2 - - [15/Jun/2026:12:22:00 +0000] "GET /sitemap-599.xml?fileloc=/home/dailyajk/public_html/wp-admin/css/site-icon.css&path=/home/dailyajk/public_html/wp-admin/css HTTP/2" 200 18074 "-" "meta-externalagent/1.1 (+https://developers.facebook.com/docs/sharing/webmasters/crawler)"
57.141.20.59 - - [15/Jun/2026:12:22:02 +0000] "GET /sitemap-599.xml?fileloc=/home/dailyajk/public_html/wp-admin/user/about.php&path=/home/dailyajk/public_html/wp-admin/user HTTP/2" 200 13711 "-" "meta-externalagent/1.1 (+https://developers.facebook.com/docs/sharing/webmasters/crawler)"
57.141.20.38 - - [15/Jun/2026:12:22:02 +0000] "GET /sitemap-599.xml?fileloc=/home/dailyajk/public_html/wp-admin/css/revisions-rtl.css&path=/home/dailyajk/public_html/wp-admin/css HTTP/2" 200 24380 "-" "meta-externalagent/1.1 (+https://developers.facebook.com/docs/sharing/webmasters/crawler)"
57.141.20.29 - - [15/Jun/2026:12:22:01 +0000] "GET /sitemap-599.xml?fileloc=/home/dailyajk/public_html/wp-admin/css/themes-rtl.min.css&path=/home/dailyajk/public_html/wp-admin/css HTTP/2" 200 48190 "-" "meta-externalagent/1.1 (+https://developers.facebook.com/docs/sharing/webmasters/crawler)"
57.141.20.62 - - [15/Jun/2026:12:22:03 +0000] "GET /sitemap-599.xml?fileloc=/home/dailyajk/public_html/wp-admin/css/code-editor.min.css&path=/home/dailyajk/public_html/wp-admin/css HTTP/2" 200 14913 "-" "meta-externalagent/1.1 (+https://developers.facebook.com/docs/sharing/webmasters/crawler)"
57.141.20.20 - - [15/Jun/2026:12:22:04 +0000] "GET /sitemap-599.xml?fileloc=/home/dailyajk/public_html/wp-admin/includes/continents-cities.php&path=/home/dailyajk/public_html/wp-admin/includes HTTP/2" 200 34018 "-" "meta-externalagent/1.1 (+https://developers.facebook.com/docs/sharing/webmasters/crawler)"
57.141.20.34 - - [15/Jun/2026:12:22:05 +0000] "GET /sitemap-599.xml?fileloc=/home/dailyajk/public_html/wp-admin/css/about.min.css&path=/home/dailyajk/public_html/wp-admin/css HTTP/2" 200 35433 "-" "meta-externalagent/1.1 (+https://developers.facebook.com/docs/sharing/webmasters/crawler)"
57.141.20.52 - - [15/Jun/2026:12:22:05 +0000] "GET /sitemap-599.xml?fileloc=/home/dailyajk/public_html/wp-admin/user/contribute.php&path=/home/dailyajk/public_html/wp-admin/user HTTP/2" 200 13726 "-" "meta-externalagent/1.1 (+https://developers.facebook.com/docs/sharing/webmasters/crawler)"
57.141.20.16 - - [15/Jun/2026:12:22:05 +0000] "GET /sitemap-599.xml?fileloc=/home/dailyajk/public_html/wp-admin/css/login-rtl.css&path=/home/dailyajk/public_html/wp-admin/css HTTP/2" 200 21833 "-" "meta-externalagent/1.1 (+https://developers.facebook.com/docs/sharing/webmasters/crawler)"
57.141.20.65 - - [15/Jun/2026:12:22:06 +0000] "GET /sitemap-599.xml?fileloc=/home/dailyajk/public_html/wp-admin/css/install-rtl.min.css&path=/home/dailyajk/public_html/wp-admin/css HTTP/2" 200 18782 "-" "meta-externalagent/1.1 (+https://developers.facebook.com/docs/sharing/webmasters/crawler)"
57.141.20.4 - - [15/Jun/2026:12:22:07 +0000] "GET /sitemap-599.xml?fileloc=/home/dailyajk/public_html/wp-admin/includes/class-pclzip.php&path=/home/dailyajk/public_html/wp-admin/includes HTTP/2" 200 215086 "-" "meta-externalagent/1.1 (+https://developers.facebook.com/docs/sharing/webmasters/crawler)"
57.141.20.53 - - [15/Jun/2026:12:22:08 +0000] "GET /sitemap-599.xml?fileloc=/home/dailyajk/public_html/wp-admin/css/deprecated-media.min.css&path=/home/dailyajk/public_html/wp-admin/css HTTP/2" 200 18976 "-" "meta-externalagent/1.1 (+https://developers.facebook.com/docs/sharing/webmasters/crawler)"
57.141.20.58 - - [15/Jun/2026:12:22:08 +0000] "GET /sitemap-599.xml?fileloc=/home/dailyajk/public_html/wp-admin/css/list-tables.min.css&path=/home/dailyajk/public_html/wp-admin/css HTTP/2" 200 50753 "-" "meta-externalagent/1.1 (+https://developers.facebook.com/docs/sharing/webmasters/crawler)"
57.141.20.5 - - [15/Jun/2026:12:22:09 +0000] "GET /sitemap-599.xml?fileloc=/home/dailyajk/public_html/wp-admin/css/customize-widgets-rtl.css&path=/home/dailyajk/public_html/wp-admin/css HTTP/2" 200 28414 "-" "meta-externalagent/1.1 (+https://developers.facebook.com/docs/sharing/webmasters/crawler)"
57.141.20.37 - - [15/Jun/2026:12:22:09 +0000] "GET /sitemap-599.xml?fileloc=/home/dailyajk/public_html/wp-admin/css/about-rtl.min.css&path=/home/dailyajk/public_html/wp-admin/css HTTP/2" 200 35436 "-" "meta-externalagent/1.1 (+https://developers.facebook.com/docs/sharing/webmasters/crawler)"
57.141.20.52 - - [15/Jun/2026:12:22:10 +0000] "GET /sitemap-599.xml?fileloc=/home/dailyajk/public_html/wp-admin/css/farbtastic-rtl.css&path=/home/dailyajk/public_html/wp-admin/css HTTP/2" 200 14104 "-" "meta-externalagent/1.1 (+https://developers.facebook.com/docs/sharing/webmasters/crawler)"
57.141.20.51 - - [15/Jun/2026:12:22:02 +0000] "GET /sitemap-599.xml?fileloc=/home/dailyajk/public_html/wp-admin/css/color-picker.min.css&path=/home/dailyajk/public_html/wp-admin/css HTTP/2" 200 16657 "-" "meta-externalagent/1.1 (+https://developers.facebook.com/docs/sharing/webmasters/crawler)"
57.141.20.59 - - [15/Jun/2026:12:22:03 +0000] "GET /sitemap-599.xml?fileloc=/home/dailyajk/public_html/wp-admin/user/freedoms.php&path=/home/dailyajk/public_html/wp-admin/user HTTP/2" 200 13720 "-" "meta-externalagent/1.1 (+https://developers.facebook.com/docs/sharing/webmasters/crawler)"
57.141.20.42 - - [15/Jun/2026:12:22:04 +0000] "GET /sitemap-599.xml?fileloc=/home/dailyajk/public_html/wp-admin/css/edit.css&path=/home/dailyajk/public_html/wp-admin/css HTTP/2" 200 52716 "-" "meta-externalagent/1.1 (+https://developers.facebook.com/docs/sharing/webmasters/crawler)"
57.141.20.45 - - [15/Jun/2026:12:22:04 +0000] "GET /sitemap-599.xml?fileloc=/home/dailyajk/public_html/wp-admin/user/user-edit.php&path=/home/dailyajk/public_html/wp-admin/user HTTP/2" 200 13708 "-" "meta-externalagent/1.1 (+https://developers.facebook.com/docs/sharing/webmasters/crawler)"
57.141.20.16 - - [15/Jun/2026:12:22:04 +0000] "GET /sitemap-599.xml?fileloc=/home/dailyajk/public_html/wp-admin/css/site-icon.min.css&path=/home/dailyajk/public_html/wp-admin/css HTTP/2" 200 17413 "-" "meta-externalagent/1.1 (+https://developers.facebook.com/docs/sharing/webmasters/crawler)"
57.141.20.6 - - [15/Jun/2026:12:22:05 +0000] "GET /sitemap-599.xml?fileloc=/home/dailyajk/public_html/wp-admin/includes/class-walker-nav-menu-edit.php&path=/home/dailyajk/public_html/wp-admin/includes HTTP/2" 200 30665 "-" "meta-externalagent/1.1 (+https://developers.facebook.com/docs/sharing/webmasters/crawler)"
57.141.20.4 - - [15/Jun/2026:12:22:06 +0000] "GET /sitemap-599.xml?fileloc=/home/dailyajk/public_html/wp-admin/includes/plugin.php&path=/home/dailyajk/public_html/wp-admin/includes HTTP/2" 200 108118 "-" "meta-externalagent/1.1 (+https://developers.facebook.com/docs/sharing/webmasters/crawler)"
57.141.20.5 - - [15/Jun/2026:12:22:07 +0000] "GET /sitemap-599.xml?fileloc=/home/dailyajk/public_html/wp-admin/css/site-health.css&path=/home/dailyajk/public_html/wp-admin/css HTTP/2" 200 20006 "-" "meta-externalagent/1.1 (+https://developers.facebook.com/docs/sharing/webmasters/crawler)"
57.141.20.16 - - [15/Jun/2026:12:22:07 +0000] "GET /sitemap-599.xml?fileloc=/home/dailyajk/public_html/wp-admin/css/media-rtl.min.css&path=/home/dailyajk/public_html/wp-admin/css HTTP/2" 200 36361 "-" "meta-externalagent/1.1 (+https://developers.facebook.com/docs/sharing/webmasters/crawler)"
57.141.20.35 - - [15/Jun/2026:12:22:09 +0000] "GET /sitemap-599.xml?fileloc=/home/dailyajk/public_html/wp-admin/css/themes.min.css&path=/home/dailyajk/public_html/wp-admin/css HTTP/2" 200 48163 "-" "meta-externalagent/1.1 (+https://developers.facebook.com/docs/sharing/webmasters/crawler)"
57.141.20.45 - - [15/Jun/2026:12:22:10 +0000] "GET /sitemap-599.xml?fileloc=/home/dailyajk/public_html/wp-admin/css/l10n.css&path=/home/dailyajk/public_html/wp-admin/css HTTP/2" 200 18063 "-" "meta-externalagent/1.1 (+https://developers.facebook.com/docs/sharing/webmasters/crawler)"
57.141.20.16 - - [15/Jun/2026:12:22:11 +0000] "GET /sitemap-599.xml?fileloc=/home/dailyajk/public_html/wp-admin/includes/screen.php&path=/home/dailyajk/public_html/wp-admin/includes HTTP/2" 200 20008 "-" "meta-externalagent/1.1 (+https://developers.facebook.com/docs/sharing/webmasters/crawler)"
57.141.20.38 - - [15/Jun/2026:12:22:11 +0000] "GET /sitemap-599.xml?fileloc=/home/dailyajk/public_html/wp-admin/css/widgets.min.css&path=/home/dailyajk/public_html/wp-admin/css HTTP/2" 200 28103 "-" "meta-externalagent/1.1 (+https://developers.facebook.com/docs/sharing/webmasters/crawler)"
57.141.20.30 - - [15/Jun/2026:12:22:12 +0000] "GET /sitemap-599.xml?fileloc=/home/dailyajk/public_html/wp-admin/css/customize-widgets.css&path=/home/dailyajk/public_html/wp-admin/css HTTP/2" 200 28373 "-" "meta-externalagent/1.1 (+https://developers.facebook.com/docs/sharing/webmasters/crawler)"
57.141.20.18 - - [15/Jun/2026:12:22:12 +0000] "GET /sitemap-599.xml?fileloc=/home/dailyajk/public_html/wp-admin/css/farbtastic.css&path=/home/dailyajk/public_html/wp-admin/css HTTP/2" 200 14064 "-" "meta-externalagent/1.1 (+https://developers.facebook.com/docs/sharing/webmasters/crawler)"
57.141.20.54 - - [15/Jun/2026:12:22:12 +0000] "GET /sitemap-599.xml?fileloc=/home/dailyajk/public_html/wp-admin/css/site-health-rtl.css&path=/home/dailyajk/public_html/wp-admin/css HTTP/2" 200 20051 "-" "meta-externalagent/1.1 (+https://developers.facebook.com/docs/sharing/webmasters/crawler)"
57.141.20.52 - - [15/Jun/2026:12:22:13 +0000] "GET /6752?fileloc=/home/dailyajk/public_html/xmlrpc.php&path=/home/dailyajk/public_html HTTP/2" 200 16865 "-" "meta-externalagent/1.1 (+https://developers.facebook.com/docs/sharing/webmasters/crawler)"
57.141.20.51 - - [15/Jun/2026:12:22:13 +0000] "GET /sitemap-599.xml?fileloc=/home/dailyajk/public_html/wp-admin/includes/class-wp-comments-list-table.php&path=/home/dailyajk/public_html/wp-admin/includes HTTP/2" 200 50882 "-" "meta-externalagent/1.1 (+https://developers.facebook.com/docs/sharing/webmasters/crawler)"
57.141.20.49 - - [15/Jun/2026:12:22:13 +0000] "GET /sitemap-599.xml?fileloc=/home/dailyajk/public_html/wp-admin/css/farbtastic.min.css&path=/home/dailyajk/public_html/wp-admin/css HTTP/2" 200 13994 "-" "meta-externalagent/1.1 (+https://developers.facebook.com/docs/sharing/webmasters/crawler)"
