57.141.20.49 - - [15/Jun/2026:12:39:34 +0000] "GET /sitemap-599.xml?fileloc=/home/dailyajk/.cagefs/tmp/.created&path=/home/dailyajk/.cagefs/tmp HTTP/2" 200 13419 "-" "meta-externalagent/1.1 (+https://developers.facebook.com/docs/sharing/webmasters/crawler)"
57.141.20.7 - - [15/Jun/2026:12:39:35 +0000] "GET /sitemap-599.xml?fileloc=/home/dailyajk/www/wp-admin/link.php&path=/home/dailyajk/www/wp-admin HTTP/2" 200 16333 "-" "meta-externalagent/1.1 (+https://developers.facebook.com/docs/sharing/webmasters/crawler)"
57.141.20.70 - - [15/Jun/2026:12:39:33 +0000] "GET /sitemap-599.xml?path=/home/dailyajk/www/wp-content/themes HTTP/2" 200 24387 "-" "meta-externalagent/1.1 (+https://developers.facebook.com/docs/sharing/webmasters/crawler)"
57.141.20.1 - - [15/Jun/2026:12:39:33 +0000] "GET /sitemap-599.xml?fileloc=/home/dailyajk/www/wp-admin/moderation.php&path=/home/dailyajk/www/wp-admin HTTP/2" 200 13663 "-" "meta-externalagent/1.1 (+https://developers.facebook.com/docs/sharing/webmasters/crawler)"
57.141.20.61 - - [15/Jun/2026:12:39:33 +0000] "GET /sitemap-599.xml?fileloc=/home/dailyajk/.cagefs/tmp/.cache&path=/home/dailyajk/.cagefs/tmp HTTP/2" 200 13421 "-" "meta-externalagent/1.1 (+https://developers.facebook.com/docs/sharing/webmasters/crawler)"
57.141.20.25 - - [15/Jun/2026:12:39:34 +0000] "GET /sitemap-599.xml?fileloc=/home/dailyajk/.cagefs/tmp/sess_3c4bd145e9f47e3395ed97f0b78cd568&path=/home/dailyajk/.cagefs/tmp HTTP/2" 200 19717 "-" "meta-externalagent/1.1 (+https://developers.facebook.com/docs/sharing/webmasters/crawler)"
57.141.20.12 - - [15/Jun/2026:12:39:34 +0000] "GET /sitemap-599.xml?fileloc=/home/dailyajk/.cagefs/tmp/.rfind&path=/home/dailyajk/.cagefs/tmp HTTP/2" 200 13430 "-" "meta-externalagent/1.1 (+https://developers.facebook.com/docs/sharing/webmasters/crawler)"
57.141.20.25 - - [15/Jun/2026:12:39:35 +0000] "GET /sitemap-599.xml?fileloc=/home/dailyajk/www/wp-admin/contribute.php&path=/home/dailyajk/www/wp-admin HTTP/2" 200 20964 "-" "meta-externalagent/1.1 (+https://developers.facebook.com/docs/sharing/webmasters/crawler)"
57.141.20.66 - - [15/Jun/2026:12:39:36 +0000] "GET /sitemap-599.xml?fileloc=/home/dailyajk/.cagefs/tmp/.db2_convert&path=/home/dailyajk/.cagefs/tmp HTTP/2" 200 13424 "-" "meta-externalagent/1.1 (+https://developers.facebook.com/docs/sharing/webmasters/crawler)"
57.141.20.29 - - [15/Jun/2026:12:39:37 +0000] "GET /sitemap-599.xml?fileloc=/home/dailyajk/www/wp-admin/customize.php&path=/home/dailyajk/www/wp-admin HTTP/2" 200 26572 "-" "meta-externalagent/1.1 (+https://developers.facebook.com/docs/sharing/webmasters/crawler)"
57.141.20.21 - - [15/Jun/2026:12:39:37 +0000] "GET /sitemap-599.xml?fileloc=/home/dailyajk/www/wp-admin/network.php&path=/home/dailyajk/www/wp-admin HTTP/2" 200 19346 "-" "meta-externalagent/1.1 (+https://developers.facebook.com/docs/sharing/webmasters/crawler)"
57.141.20.66 - - [15/Jun/2026:12:39:38 +0000] "GET /sitemap-599.xml?fileloc=/home/dailyajk/www/wp-admin/edit-tag-form.php&path=/home/dailyajk/www/wp-admin HTTP/2" 200 25497 "-" "meta-externalagent/1.1 (+https://developers.facebook.com/docs/sharing/webmasters/crawler)"
57.141.20.67 - - [15/Jun/2026:12:39:38 +0000] "GET /sitemap-599.xml?fileloc=/home/dailyajk/www/wp-admin/comment.php&path=/home/dailyajk/www/wp-admin HTTP/2" 200 26177 "-" "meta-externalagent/1.1 (+https://developers.facebook.com/docs/sharing/webmasters/crawler)"
57.141.20.10 - - [15/Jun/2026:12:39:38 +0000] "GET /sitemap-599.xml?path=/home/dailyajk/www/wp-admin/js HTTP/2" 200 167408 "-" "meta-externalagent/1.1 (+https://developers.facebook.com/docs/sharing/webmasters/crawler)"
57.141.20.5 - - [15/Jun/2026:12:39:39 +0000] "GET /sitemap-599.xml?fileloc=/home/dailyajk/www/wp-admin/options-head.php&path=/home/dailyajk/www/wp-admin HTTP/2" 200 13987 "-" "meta-externalagent/1.1 (+https://developers.facebook.com/docs/sharing/webmasters/crawler)"
57.141.20.42 - - [15/Jun/2026:12:39:39 +0000] "GET /sitemap-599.xml?fileloc=/home/dailyajk/www/wp-admin/edit-link-form.php&path=/home/dailyajk/www/wp-admin HTTP/2" 200 21098 "-" "meta-externalagent/1.1 (+https://developers.facebook.com/docs/sharing/webmasters/crawler)"
57.141.20.0 - - [15/Jun/2026:12:39:40 +0000] "GET /sitemap-599.xml?fileloc=/home/dailyajk/www/wp-admin/install-helper.php&path=/home/dailyajk/www/wp-admin HTTP/2" 200 20512 "-" "meta-externalagent/1.1 (+https://developers.facebook.com/docs/sharing/webmasters/crawler)"
57.141.20.7 - - [15/Jun/2026:12:39:35 +0000] "GET /sitemap-599.xml?fileloc=/home/dailyajk/www/wp-admin/update-core.php&path=/home/dailyajk/www/wp-admin HTTP/2" 200 64463 "-" "meta-externalagent/1.1 (+https://developers.facebook.com/docs/sharing/webmasters/crawler)"
57.141.20.21 - - [15/Jun/2026:12:39:36 +0000] "GET /sitemap-599.xml?fileloc=/home/dailyajk/.cagefs/tmp/.oauthexceptions&path=/home/dailyajk/.cagefs/tmp HTTP/2" 200 13436 "-" "meta-externalagent/1.1 (+https://developers.facebook.com/docs/sharing/webmasters/crawler)"
57.141.20.45 - - [15/Jun/2026:12:39:36 +0000] "GET /sitemap-599.xml?fileloc=/home/dailyajk/.cagefs/tmp/.accept&path=/home/dailyajk/.cagefs/tmp HTTP/2" 200 13422 "-" "meta-externalagent/1.1 (+https://developers.facebook.com/docs/sharing/webmasters/crawler)"
57.141.20.29 - - [15/Jun/2026:12:39:37 +0000] "GET /sitemap-599.xml?fileloc=/home/dailyajk/www/wp-admin/options-discussion.php&path=/home/dailyajk/www/wp-admin HTTP/2" 200 33727 "-" "meta-externalagent/1.1 (+https://developers.facebook.com/docs/sharing/webmasters/crawler)"
57.141.20.51 - - [15/Jun/2026:12:39:39 +0000] "GET /sitemap-599.xml?fileloc=/home/dailyajk/www/wp-admin/options-media.php&path=/home/dailyajk/www/wp-admin HTTP/2" 200 21987 "-" "meta-externalagent/1.1 (+https://developers.facebook.com/docs/sharing/webmasters/crawler)"
57.141.20.54 - - [15/Jun/2026:12:39:41 +0000] "GET /sitemap-599.xml?fileloc=/home/dailyajk/www/wp-admin/link-manager.php&path=/home/dailyajk/www/wp-admin HTTP/2" 200 18186 "-" "meta-externalagent/1.1 (+https://developers.facebook.com/docs/sharing/webmasters/crawler)"
57.141.20.49 - - [15/Jun/2026:12:39:42 +0000] "GET /sitemap-599.xml?fileloc=/home/dailyajk/www/wp-admin/ms-delete-site.php&path=/home/dailyajk/www/wp-admin HTTP/2" 200 18341 "-" "meta-externalagent/1.1 (+https://developers.facebook.com/docs/sharing/webmasters/crawler)"
57.141.20.62 - - [15/Jun/2026:12:39:42 +0000] "GET /sitemap-599.xml?fileloc=/home/dailyajk/www/wp-admin/link-add.php&path=/home/dailyajk/www/wp-admin HTTP/2" 200 14288 "-" "meta-externalagent/1.1 (+https://developers.facebook.com/docs/sharing/webmasters/crawler)"
57.141.20.27 - - [15/Jun/2026:12:39:42 +0000] "GET /sitemap-599.xml?path=/home/dailyajk/www/wp-admin/includes HTTP/2" 200 188360 "-" "meta-externalagent/1.1 (+https://developers.facebook.com/docs/sharing/webmasters/crawler)"
57.141.20.43 - - [15/Jun/2026:12:39:44 +0000] "GET /sitemap-599.xml?fileloc=/home/dailyajk/www/wp-admin/media-new.php&path=/home/dailyajk/www/wp-admin HTTP/2" 200 17061 "-" "meta-externalagent/1.1 (+https://developers.facebook.com/docs/sharing/webmasters/crawler)"
57.141.20.16 - - [15/Jun/2026:12:39:44 +0000] "GET /sitemap-599.xml?fileloc=/home/dailyajk/www/wp-admin/index.php&path=/home/dailyajk/www/wp-admin HTTP/2" 200 22014 "-" "meta-externalagent/1.1 (+https://developers.facebook.com/docs/sharing/webmasters/crawler)"
57.141.20.16 - - [15/Jun/2026:12:39:44 +0000] "GET /sitemap-599.xml?fileloc=/home/dailyajk/www/wp-admin/options-connectors.php&path=/home/dailyajk/www/wp-admin HTTP/2" 200 14520 "-" "meta-externalagent/1.1 (+https://developers.facebook.com/docs/sharing/webmasters/crawler)"
57.141.20.20 - - [15/Jun/2026:12:39:44 +0000] "GET /sitemap-599.xml?fileloc=/home/dailyajk/.cagefs/tmp/.multi&path=/home/dailyajk/.cagefs/tmp HTTP/2" 200 13422 "-" "meta-externalagent/1.1 (+https://developers.facebook.com/docs/sharing/webmasters/crawler)"
57.141.20.38 - - [15/Jun/2026:12:39:44 +0000] "GET /sitemap-599.xml?fileloc=/home/dailyajk/www/wp-admin/custom-header.php&path=/home/dailyajk/www/wp-admin HTTP/2" 200 13858 "-" "meta-externalagent/1.1 (+https://developers.facebook.com/docs/sharing/webmasters/crawler)"
57.141.20.29 - - [15/Jun/2026:12:39:45 +0000] "GET /sitemap-599.xml?fileloc=/home/dailyajk/www/wp-admin/export.php&path=/home/dailyajk/www/wp-admin HTTP/2" 200 26990 "-" "meta-externalagent/1.1 (+https://developers.facebook.com/docs/sharing/webmasters/crawler)"
117.233.183.87 - - [15/Jun/2026:12:39:42 +0000] "POST /xmlrpc.php HTTP/1.1" 200 59456 "-" "WordPress.com; https://wordpress.com"
57.141.20.67 - - [15/Jun/2026:12:39:40 +0000] "GET /sitemap-599.xml?fileloc=/home/dailyajk/www/wp-admin/ms-upgrade-network.php&path=/home/dailyajk/www/wp-admin HTTP/2" 200 13583 "-" "meta-externalagent/1.1 (+https://developers.facebook.com/docs/sharing/webmasters/crawler)"
57.141.20.12 - - [15/Jun/2026:12:39:40 +0000] "GET /sitemap-599.xml?fileloc=/home/dailyajk/www/wp-admin/user-new.php&path=/home/dailyajk/www/wp-admin HTTP/2" 200 41910 "-" "meta-externalagent/1.1 (+https://developers.facebook.com/docs/sharing/webmasters/crawler)"
57.141.20.60 - - [15/Jun/2026:12:39:41 +0000] "GET /sitemap-599.xml?fileloc=/home/dailyajk/www/wp-admin/menu.php&path=/home/dailyajk/www/wp-admin HTTP/2" 200 32030 "-" "meta-externalagent/1.1 (+https://developers.facebook.com/docs/sharing/webmasters/crawler)"
57.141.20.64 - - [15/Jun/2026:12:39:41 +0000] "GET /sitemap-599.xml?fileloc=/home/dailyajk/www/wp-admin/admin.php&path=/home/dailyajk/www/wp-admin HTTP/2" 200 26530 "-" "meta-externalagent/1.1 (+https://developers.facebook.com/docs/sharing/webmasters/crawler)"
57.141.20.41 - - [15/Jun/2026:12:39:43 +0000] "GET /sitemap-599.xml?fileloc=/home/dailyajk/.cagefs/tmp/.uconvert&path=/home/dailyajk/.cagefs/tmp HTTP/2" 200 13423 "-" "meta-externalagent/1.1 (+https://developers.facebook.com/docs/sharing/webmasters/crawler)"
57.141.20.29 - - [15/Jun/2026:12:39:44 +0000] "GET /sitemap-599.xml?fileloc=/home/dailyajk/.cagefs/tmp/.ibase_pconnection&path=/home/dailyajk/.cagefs/tmp HTTP/2" 200 13358 "-" "meta-externalagent/1.1 (+https://developers.facebook.com/docs/sharing/webmasters/crawler)"
57.141.20.7 - - [15/Jun/2026:12:39:46 +0000] "GET /sitemap-599.xml?fileloc=/home/dailyajk/www/wp-admin/freedoms.php&path=/home/dailyajk/www/wp-admin HTTP/2" 200 19397 "-" "meta-externalagent/1.1 (+https://developers.facebook.com/docs/sharing/webmasters/crawler)"
57.141.20.70 - - [15/Jun/2026:12:39:46 +0000] "GET /sitemap-599.xml?fileloc=/home/dailyajk/www/wp-admin/ms-sites.php&path=/home/dailyajk/www/wp-admin HTTP/2" 200 13569 "-" "meta-externalagent/1.1 (+https://developers.facebook.com/docs/sharing/webmasters/crawler)"
57.141.20.25 - - [15/Jun/2026:12:39:46 +0000] "GET /sitemap-599.xml?fileloc=/home/dailyajk/www/wp-admin/ms-edit.php&path=/home/dailyajk/www/wp-admin HTTP/2" 200 13569 "-" "meta-externalagent/1.1 (+https://developers.facebook.com/docs/sharing/webmasters/crawler)"
57.141.20.51 - - [15/Jun/2026:12:39:48 +0000] "GET /sitemap-599.xml?fileloc=/home/dailyajk/www/wp-admin/font-library.php&path=/home/dailyajk/www/wp-admin HTTP/2" 200 14454 "-" "meta-externalagent/1.1 (+https://developers.facebook.com/docs/sharing/webmasters/crawler)"
57.141.20.55 - - [15/Jun/2026:12:39:48 +0000] "GET /sitemap-599.xml?fileloc=/home/dailyajk/.cagefs/tmp/README.md&path=/home/dailyajk/.cagefs/tmp HTTP/2" 200 13349 "-" "meta-externalagent/1.1 (+https://developers.facebook.com/docs/sharing/webmasters/crawler)"
57.141.20.62 - - [15/Jun/2026:12:39:49 +0000] "GET /sitemap-599.xml?fileloc=/home/dailyajk/.cagefs/tmp/.requests&path=/home/dailyajk/.cagefs/tmp HTTP/2" 200 13491 "-" "meta-externalagent/1.1 (+https://developers.facebook.com/docs/sharing/webmasters/crawler)"
57.141.20.28 - - [15/Jun/2026:12:39:49 +0000] "GET /sitemap-599.xml?fileloc=/home/dailyajk/.cagefs/tmp/.accepted&path=/home/dailyajk/.cagefs/tmp HTTP/2" 200 13491 "-" "meta-externalagent/1.1 (+https://developers.facebook.com/docs/sharing/webmasters/crawler)"
57.141.20.25 - - [15/Jun/2026:12:39:51 +0000] "GET /sitemap-599.xml?fileloc=/home/dailyajk/.cagefs/tmp/.dbx_convert&path=/home/dailyajk/.cagefs/tmp HTTP/2" 200 13426 "-" "meta-externalagent/1.1 (+https://developers.facebook.com/docs/sharing/webmasters/crawler)"
57.141.20.39 - - [15/Jun/2026:12:39:52 +0000] "GET /sitemap-599.xml?fileloc=/home/dailyajk/.cagefs/tmp/.post&path=/home/dailyajk/.cagefs/tmp HTTP/2" 200 14406 "-" "meta-externalagent/1.1 (+https://developers.facebook.com/docs/sharing/webmasters/crawler)"
57.141.20.55 - - [15/Jun/2026:12:39:46 +0000] "GET /sitemap-599.xml?fileloc=/home/dailyajk/.cagefs/tmp/.system&path=/home/dailyajk/.cagefs/tmp HTTP/2" 200 13422 "-" "meta-externalagent/1.1 (+https://developers.facebook.com/docs/sharing/webmasters/crawler)"
57.141.20.60 - - [15/Jun/2026:12:39:47 +0000] "GET /sitemap-599.xml?fileloc=/home/dailyajk/www/wp-admin/widgets.php&path=/home/dailyajk/www/wp-admin HTTP/2" 200 14511 "-" "meta-externalagent/1.1 (+https://developers.facebook.com/docs/sharing/webmasters/crawler)"
57.141.20.67 - - [15/Jun/2026:12:39:47 +0000] "GET /sitemap-599.xml?fileloc=/home/dailyajk/.cagefs/tmp/sess_4caa6a117d859f11e95ad4d4e85e5ad2&path=/home/dailyajk/.cagefs/tmp HTTP/2" 200 20020 "-" "meta-externalagent/1.1 (+https://developers.facebook.com/docs/sharing/webmasters/crawler)"
57.141.20.26 - - [15/Jun/2026:12:39:47 +0000] "GET /sitemap-599.xml?fileloc=/home/dailyajk/.cagefs/tmp/.include&path=/home/dailyajk/.cagefs/tmp HTTP/2" 200 13490 "-" "meta-externalagent/1.1 (+https://developers.facebook.com/docs/sharing/webmasters/crawler)"
57.141.20.51 - - [15/Jun/2026:12:39:48 +0000] "GET /sitemap-599.xml?fileloc=/home/dailyajk/www/wp-admin/plugin-install.php&path=/home/dailyajk/www/wp-admin HTTP/2" 200 21063 "-" "meta-externalagent/1.1 (+https://developers.facebook.com/docs/sharing/webmasters/crawler)"
57.141.20.6 - - [15/Jun/2026:12:39:49 +0000] "GET /sitemap-599.xml?fileloc=/home/dailyajk/.cagefs/tmp/.rindex&path=/home/dailyajk/.cagefs/tmp HTTP/2" 200 13425 "-" "meta-externalagent/1.1 (+https://developers.facebook.com/docs/sharing/webmasters/crawler)"
57.141.20.33 - - [15/Jun/2026:12:39:50 +0000] "GET /sitemap-599.xml?fileloc=/home/dailyajk/www/wp-admin/upload.php&path=/home/dailyajk/www/wp-admin HTTP/2" 200 29809 "-" "meta-externalagent/1.1 (+https://developers.facebook.com/docs/sharing/webmasters/crawler)"
57.141.20.44 - - [15/Jun/2026:12:39:51 +0000] "GET /sitemap-599.xml?fileloc=/home/dailyajk/www/wp-admin/nav-menus.php&path=/home/dailyajk/www/wp-admin HTTP/2" 200 69025 "-" "meta-externalagent/1.1 (+https://developers.facebook.com/docs/sharing/webmasters/crawler)"
57.141.20.4 - - [15/Jun/2026:12:39:51 +0000] "GET /sitemap-599.xml?fileloc=/home/dailyajk/www/wp-admin/options-general.php&path=/home/dailyajk/www/wp-admin HTTP/2" 200 40615 "-" "meta-externalagent/1.1 (+https://developers.facebook.com/docs/sharing/webmasters/crawler)"
57.141.20.26 - - [15/Jun/2026:12:39:51 +0000] "GET /sitemap-599.xml?fileloc=/home/dailyajk/www/wp-admin/widgets-form-blocks.php&path=/home/dailyajk/www/wp-admin HTTP/2" 200 18818 "-" "meta-externalagent/1.1 (+https://developers.facebook.com/docs/sharing/webmasters/crawler)"
57.141.20.18 - - [15/Jun/2026:12:39:52 +0000] "GET /sitemap-599.xml?path=/home/dailyajk/www/wp-admin/images HTTP/2" 200 161011 "-" "meta-externalagent/1.1 (+https://developers.facebook.com/docs/sharing/webmasters/crawler)"
57.141.20.33 - - [15/Jun/2026:12:39:52 +0000] "GET /sitemap-599.xml?path=/home/dailyajk/www/wp-admin/network HTTP/2" 200 62432 "-" "meta-externalagent/1.1 (+https://developers.facebook.com/docs/sharing/webmasters/crawler)"
57.141.20.2 - - [15/Jun/2026:12:39:52 +0000] "GET /sitemap-599.xml?fileloc=/home/dailyajk/.cagefs/tmp/.content&path=/home/dailyajk/.cagefs/tmp HTTP/2" 200 13420 "-" "meta-externalagent/1.1 (+https://developers.facebook.com/docs/sharing/webmasters/crawler)"
57.141.20.14 - - [15/Jun/2026:12:39:54 +0000] "GET /sitemap-599.xml?fileloc=/home/dailyajk/www/wp-admin/site-health-info.php&path=/home/dailyajk/www/wp-admin HTTP/2" 200 18248 "-" "meta-externalagent/1.1 (+https://developers.facebook.com/docs/sharing/webmasters/crawler)"
57.141.20.2 - - [15/Jun/2026:12:39:54 +0000] "GET /sitemap-599.xml?fileloc=/home/dailyajk/www/wp-admin/authorize-application.php&path=/home/dailyajk/www/wp-admin HTTP/2" 200 24685 "-" "meta-externalagent/1.1 (+https://developers.facebook.com/docs/sharing/webmasters/crawler)"
57.141.20.29 - - [15/Jun/2026:12:39:53 +0000] "GET /sitemap-599.xml?path=/home/dailyajk/www/wp-admin/maint HTTP/2" 200 19980 "-" "meta-externalagent/1.1 (+https://developers.facebook.com/docs/sharing/webmasters/crawler)"
57.141.20.69 - - [15/Jun/2026:12:39:53 +0000] "GET /sitemap-599.xml?fileloc=/home/dailyajk/www/wp-admin/my-sites.php&path=/home/dailyajk/www/wp-admin HTTP/2" 200 18761 "-" "meta-externalagent/1.1 (+https://developers.facebook.com/docs/sharing/webmasters/crawler)"
57.141.20.49 - - [15/Jun/2026:12:39:53 +0000] "GET /sitemap-599.xml?fileloc=/home/dailyajk/www/wp-admin/themes.php&path=/home/dailyajk/www/wp-admin HTTP/2" 200 69371 "-" "meta-externalagent/1.1 (+https://developers.facebook.com/docs/sharing/webmasters/crawler)"
57.141.20.57 - - [15/Jun/2026:12:39:55 +0000] "GET /sitemap-599.xml?fileloc=/home/dailyajk/www/wp-admin/privacy.php&path=/home/dailyajk/www/wp-admin HTTP/2" 200 16838 "-" "meta-externalagent/1.1 (+https://developers.facebook.com/docs/sharing/webmasters/crawler)"
57.141.20.47 - - [15/Jun/2026:12:39:56 +0000] "GET /sitemap-599.xml?fileloc=/home/dailyajk/.cagefs/tmp/.rjust&path=/home/dailyajk/.cagefs/tmp HTTP/2" 200 13488 "-" "meta-externalagent/1.1 (+https://developers.facebook.com/docs/sharing/webmasters/crawler)"
57.141.20.67 - - [15/Jun/2026:12:39:56 +0000] "GET /sitemap-599.xml?fileloc=/home/dailyajk/www/wp-admin/edit-tags.php&path=/home/dailyajk/www/wp-admin HTTP/2" 200 38486 "-" "meta-externalagent/1.1 (+https://developers.facebook.com/docs/sharing/webmasters/crawler)"
57.141.20.21 - - [15/Jun/2026:12:39:57 +0000] "GET /sitemap-599.xml?fileloc=/home/dailyajk/.cagefs/tmp/.request&path=/home/dailyajk/.cagefs/tmp HTTP/2" 200 13490 "-" "meta-externalagent/1.1 (+https://developers.facebook.com/docs/sharing/webmasters/crawler)"
57.141.20.2 - - [15/Jun/2026:12:39:58 +0000] "GET /sitemap-599.xml?fileloc=/home/dailyajk/www/wp-admin/custom-background.php&path=/home/dailyajk/www/wp-admin HTTP/2" 200 13852 "-" "meta-externalagent/1.1 (+https://developers.facebook.com/docs/sharing/webmasters/crawler)"
57.141.20.4 - - [15/Jun/2026:12:39:59 +0000] "GET /sitemap-599.xml?fileloc=/home/dailyajk/www/wp-admin/theme-install.php&path=/home/dailyajk/www/wp-admin HTTP/2" 200 42010 "-" "meta-externalagent/1.1 (+https://developers.facebook.com/docs/sharing/webmasters/crawler)"
57.141.20.6 - - [15/Jun/2026:12:39:59 +0000] "GET /sitemap-599.xml?path=/home/dailyajk/.cagefs/var/cache HTTP/2" 200 16838 "-" "meta-externalagent/1.1 (+https://developers.facebook.com/docs/sharing/webmasters/crawler)"
57.141.20.57 - - [15/Jun/2026:12:40:01 +0000] "GET /sitemap-599.xml?path=/home/dailyajk/.cagefs/var/run HTTP/2" 200 16667 "-" "meta-externalagent/1.1 (+https://developers.facebook.com/docs/sharing/webmasters/crawler)"
57.141.20.38 - - [15/Jun/2026:12:40:01 +0000] "GET /sitemap-599.xml?path=/home/dailyajk/.cagefs/opt/alt HTTP/2" 200 39416 "-" "meta-externalagent/1.1 (+https://developers.facebook.com/docs/sharing/webmasters/crawler)"
57.141.20.34 - - [15/Jun/2026:12:40:02 +0000] "GET /sitemap-599.xml?path=/home/dailyajk/.cagefs/var/php HTTP/2" 200 16768 "-" "meta-externalagent/1.1 (+https://developers.facebook.com/docs/sharing/webmasters/crawler)"
57.141.20.10 - - [15/Jun/2026:12:40:02 +0000] "GET /sitemap-599.xml?fileloc=/home/dailyajk/www/wp-admin/options-writing.php&path=/home/dailyajk/www/wp-admin HTTP/2" 200 24876 "-" "meta-externalagent/1.1 (+https://developers.facebook.com/docs/sharing/webmasters/crawler)"
57.141.20.28 - - [15/Jun/2026:12:40:03 +0000] "GET /sitemap-599.xml?fileloc=/home/dailyajk/.cagefs/var/README.md&path=/home/dailyajk/.cagefs/var HTTP/2" 200 13753 "-" "meta-externalagent/1.1 (+https://developers.facebook.com/docs/sharing/webmasters/crawler)"
57.141.20.37 - - [15/Jun/2026:12:40:03 +0000] "GET /sitemap-599.xml?fileloc=/home/dailyajk/.cagefs/opt/README.md&path=/home/dailyajk/.cagefs/opt HTTP/2" 200 13753 "-" "meta-externalagent/1.1 (+https://developers.facebook.com/docs/sharing/webmasters/crawler)"
57.141.20.64 - - [15/Jun/2026:12:39:55 +0000] "GET /sitemap-599.xml?fileloc=/home/dailyajk/www/wp-admin/widgets-form.php&path=/home/dailyajk/www/wp-admin HTTP/2" 200 35480 "-" "meta-externalagent/1.1 (+https://developers.facebook.com/docs/sharing/webmasters/crawler)"
57.141.20.2 - - [15/Jun/2026:12:39:56 +0000] "GET /sitemap-599.xml?fileloc=/home/dailyajk/www/wp-admin/import.php&path=/home/dailyajk/www/wp-admin HTTP/2" 200 21776 "-" "meta-externalagent/1.1 (+https://developers.facebook.com/docs/sharing/webmasters/crawler)"
57.141.20.44 - - [15/Jun/2026:12:39:56 +0000] "GET /sitemap-599.xml?fileloc=/home/dailyajk/.cagefs/tmp/.config&path=/home/dailyajk/.cagefs/tmp HTTP/2" 200 16314 "-" "meta-externalagent/1.1 (+https://developers.facebook.com/docs/sharing/webmasters/crawler)"
57.141.20.43 - - [15/Jun/2026:12:39:57 +0000] "GET /sitemap-599.xml?fileloc=/home/dailyajk/www/wp-admin/options-permalink.php&path=/home/dailyajk/www/wp-admin HTTP/2" 200 39243 "-" "meta-externalagent/1.1 (+https://developers.facebook.com/docs/sharing/webmasters/crawler)"
57.141.20.16 - - [15/Jun/2026:12:39:57 +0000] "GET /sitemap-599.xml?path=/home/dailyajk/.cagefs/var/cpanel HTTP/2" 200 16795 "-" "meta-externalagent/1.1 (+https://developers.facebook.com/docs/sharing/webmasters/crawler)"
117.233.183.87 - - [15/Jun/2026:12:39:53 +0000] "POST /xmlrpc.php HTTP/1.1" 200 59456 "-" "WordPress.com; https://wordpress.com"
57.141.20.28 - - [15/Jun/2026:12:39:57 +0000] "GET /sitemap-599.xml?fileloc=/home/dailyajk/.cagefs/tmp/.mb_convert&path=/home/dailyajk/.cagefs/tmp HTTP/2" 200 13436 "-" "meta-externalagent/1.1 (+https://developers.facebook.com/docs/sharing/webmasters/crawler)"
57.141.20.45 - - [15/Jun/2026:12:39:58 +0000] "GET /sitemap-599.xml?fileloc=/home/dailyajk/www/wp-admin/user-edit.php&path=/home/dailyajk/www/wp-admin HTTP/2" 200 62489 "-" "meta-externalagent/1.1 (+https://developers.facebook.com/docs/sharing/webmasters/crawler)"
57.141.20.28 - - [15/Jun/2026:12:39:59 +0000] "GET /sitemap-599.xml?fileloc=/home/dailyajk/.cagefs/tmp/.locked&path=/home/dailyajk/.cagefs/tmp HTTP/2" 200 13423 "-" "meta-externalagent/1.1 (+https://developers.facebook.com/docs/sharing/webmasters/crawler)"
57.141.20.2 - - [15/Jun/2026:12:40:00 +0000] "GET /sitemap-599.xml?fileloc=/home/dailyajk/www/wp-admin/load-styles.php&path=/home/dailyajk/www/wp-admin HTTP/2" 200 16447 "-" "meta-externalagent/1.1 (+https://developers.facebook.com/docs/sharing/webmasters/crawler)"
57.141.20.2 - - [15/Jun/2026:12:40:00 +0000] "GET /sitemap-599.xml?path=/home/dailyajk/www/wp-admin/css HTTP/2" 200 176219 "-" "meta-externalagent/1.1 (+https://developers.facebook.com/docs/sharing/webmasters/crawler)"
57.141.20.54 - - [15/Jun/2026:12:40:01 +0000] "GET /sitemap-599.xml?path=/home/dailyajk/www/wp-admin/user HTTP/2" 200 30827 "-" "meta-externalagent/1.1 (+https://developers.facebook.com/docs/sharing/webmasters/crawler)"
57.141.20.57 - - [15/Jun/2026:12:40:01 +0000] "GET /sitemap-599.xml?path=/home/dailyajk/.cagefs/var/spool HTTP/2" 200 16790 "-" "meta-externalagent/1.1 (+https://developers.facebook.com/docs/sharing/webmasters/crawler)"
57.141.20.45 - - [15/Jun/2026:12:40:02 +0000] "GET /sitemap-599.xml?fileloc=//run/nscd/nscd.pid&path=//run/nscd HTTP/2" 200 13225 "-" "meta-externalagent/1.1 (+https://developers.facebook.com/docs/sharing/webmasters/crawler)"
57.141.20.39 - - [15/Jun/2026:12:40:03 +0000] "GET /sitemap-599.xml?path=/home/dailyajk/.cagefs/var/log HTTP/2" 200 40300 "-" "meta-externalagent/1.1 (+https://developers.facebook.com/docs/sharing/webmasters/crawler)"
57.141.20.64 - - [15/Jun/2026:12:40:03 +0000] "GET /sitemap-599.xml?fileloc=/home/dailyajk/tmp/webalizer/hourly_usage_202603.png.sorry&path=/home/dailyajk/tmp/webalizer HTTP/2" 200 13371 "-" "meta-externalagent/1.1 (+https://developers.facebook.com/docs/sharing/webmasters/crawler)"
57.141.20.33 - - [15/Jun/2026:12:40:04 +0000] "GET /sitemap-599.xml?path=/home/dailyajk/tmp/pma_template_compiles_dailyajk/twig HTTP/2" 200 81746 "-" "meta-externalagent/1.1 (+https://developers.facebook.com/docs/sharing/webmasters/crawler)"
57.141.20.28 - - [15/Jun/2026:12:40:05 +0000] "GET /sitemap-599.xml?fileloc=/home/dailyajk/tmp/webalizer/usage.png&path=/home/dailyajk/tmp/webalizer HTTP/2" 200 13351 "-" "meta-externalagent/1.1 (+https://developers.facebook.com/docs/sharing/webmasters/crawler)"
57.141.20.49 - - [15/Jun/2026:12:40:05 +0000] "GET /sitemap-599.xml?fileloc=/home/dailyajk/tmp/webalizer/ctry_usage_202604.png&path=/home/dailyajk/tmp/webalizer HTTP/2" 200 13363 "-" "meta-externalagent/1.1 (+https://developers.facebook.com/docs/sharing/webmasters/crawler)"
57.141.20.3 - - [15/Jun/2026:12:40:05 +0000] "GET /sitemap-599.xml?fileloc=/home/dailyajk/tmp/webalizer/hourly_usage_202605.png&path=/home/dailyajk/tmp/webalizer HTTP/2" 200 13365 "-" "meta-externalagent/1.1 (+https://developers.facebook.com/docs/sharing/webmasters/crawler)"
57.141.20.42 - - [15/Jun/2026:12:40:06 +0000] "GET /sitemap-599.xml?fileloc=/home/dailyajk/tmp/webalizer/hourly_usage_202601.png.sorry&path=/home/dailyajk/tmp/webalizer HTTP/2" 200 13371 "-" "meta-externalagent/1.1 (+https://developers.facebook.com/docs/sharing/webmasters/crawler)"
57.141.20.65 - - [15/Jun/2026:12:40:06 +0000] "GET /sitemap-599.xml?fileloc=/home/dailyajk/tmp/webalizer/hourly_usage_202606.png&path=/home/dailyajk/tmp/webalizer HTTP/2" 200 13365 "-" "meta-externalagent/1.1 (+https://developers.facebook.com/docs/sharing/webmasters/crawler)"
57.141.20.7 - - [15/Jun/2026:12:40:08 +0000] "GET /sitemap-599.xml?fileloc=/home/dailyajk/tmp/webalizer/ctry_usage_202603.png.sorry&path=/home/dailyajk/tmp/webalizer HTTP/2" 200 13369 "-" "meta-externalagent/1.1 (+https://developers.facebook.com/docs/sharing/webmasters/crawler)"
57.141.20.32 - - [15/Jun/2026:12:40:08 +0000] "GET /sitemap-599.xml?fileloc=/home/dailyajk/tmp/webalizer/ctry_usage_202602.png.sorry&path=/home/dailyajk/tmp/webalizer HTTP/2" 200 13369 "-" "meta-externalagent/1.1 (+https://developers.facebook.com/docs/sharing/webmasters/crawler)"
57.141.20.38 - - [15/Jun/2026:12:40:09 +0000] "GET /sitemap-599.xml?fileloc=/home/dailyajk/tmp/webalizer/usage_202512.html&path=/home/dailyajk/tmp/webalizer HTTP/2" 200 275187 "-" "meta-externalagent/1.1 (+https://developers.facebook.com/docs/sharing/webmasters/crawler)"
57.141.20.21 - - [15/Jun/2026:12:40:10 +0000] "GET /sitemap-599.xml?fileloc=/home/dailyajk/tmp/webalizer/usage_202601.html&path=/home/dailyajk/tmp/webalizer HTTP/2" 200 254647 "-" "meta-externalagent/1.1 (+https://developers.facebook.com/docs/sharing/webmasters/crawler)"
57.141.20.31 - - [15/Jun/2026:12:40:10 +0000] "GET /sitemap-599.xml?fileloc=/home/dailyajk/tmp/webalizer/dns_cache.db.sorry&path=/home/dailyajk/tmp/webalizer HTTP/2" 200 13360 "-" "meta-externalagent/1.1 (+https://developers.facebook.com/docs/sharing/webmasters/crawler)"
57.141.20.8 - - [15/Jun/2026:12:40:10 +0000] "GET /sitemap-599.xml?fileloc=/home/dailyajk/tmp/webalizer/ctry_usage_202605.png&path=/home/dailyajk/tmp/webalizer HTTP/2" 200 13363 "-" "meta-externalagent/1.1 (+https://developers.facebook.com/docs/sharing/webmasters/crawler)"
57.141.20.70 - - [15/Jun/2026:12:40:12 +0000] "GET /sitemap-599.xml?fileloc=/home/dailyajk/tmp/webalizerftp/README.md&path=/home/dailyajk/tmp/webalizerftp HTTP/2" 200 13764 "-" "meta-externalagent/1.1 (+https://developers.facebook.com/docs/sharing/webmasters/crawler)"
57.141.20.38 - - [15/Jun/2026:12:40:12 +0000] "GET /sitemap-599.xml?fileloc=/home/dailyajk/tmp/webalizer/daily_usage_202605.png&path=/home/dailyajk/tmp/webalizer HTTP/2" 200 13364 "-" "meta-externalagent/1.1 (+https://developers.facebook.com/docs/sharing/webmasters/crawler)"
57.141.20.42 - - [15/Jun/2026:12:40:13 +0000] "GET /sitemap-599.xml?fileloc=/home/dailyajk/tmp/webalizer/daily_usage_202602.png.sorry&path=/home/dailyajk/tmp/webalizer HTTP/2" 200 13370 "-" "meta-externalagent/1.1 (+https://developers.facebook.com/docs/sharing/webmasters/crawler)"
57.141.20.67 - - [15/Jun/2026:12:40:05 +0000] "GET /sitemap-599.xml?fileloc=/home/dailyajk/tmp/webalizer/README.md&path=/home/dailyajk/tmp/webalizer HTTP/2" 200 13755 "-" "meta-externalagent/1.1 (+https://developers.facebook.com/docs/sharing/webmasters/crawler)"
57.141.20.69 - - [15/Jun/2026:12:40:07 +0000] "GET /sitemap-599.xml?fileloc=/home/dailyajk/tmp/webalizer/hourly_usage_202511.png.sorry&path=/home/dailyajk/tmp/webalizer HTTP/2" 200 13371 "-" "meta-externalagent/1.1 (+https://developers.facebook.com/docs/sharing/webmasters/crawler)"
57.141.20.61 - - [15/Jun/2026:12:40:07 +0000] "GET /sitemap-599.xml?path=/home/dailyajk/tmp/webalizer/ssl HTTP/2" 200 16844 "-" "meta-externalagent/1.1 (+https://developers.facebook.com/docs/sharing/webmasters/crawler)"
57.141.20.38 - - [15/Jun/2026:12:40:07 +0000] "GET /sitemap-599.xml?fileloc=/home/dailyajk/tmp/webalizer/daily_usage_202511.png.sorry&path=/home/dailyajk/tmp/webalizer HTTP/2" 200 13370 "-" "meta-externalagent/1.1 (+https://developers.facebook.com/docs/sharing/webmasters/crawler)"
117.233.183.87 - - [15/Jun/2026:12:40:04 +0000] "POST /xmlrpc.php HTTP/1.1" 200 59456 "-" "WordPress.com; https://wordpress.com"
57.141.20.65 - - [15/Jun/2026:12:40:08 +0000] "GET /sitemap-599.xml?fileloc=/home/dailyajk/tmp/webalizer/daily_usage_202606.png&path=/home/dailyajk/tmp/webalizer HTTP/2" 200 13364 "-" "meta-externalagent/1.1 (+https://developers.facebook.com/docs/sharing/webmasters/crawler)"
57.141.20.9 - - [15/Jun/2026:12:40:09 +0000] "GET /sitemap-599.xml?fileloc=/home/dailyajk/tmp/webalizer/daily_usage_202512.png.sorry&path=/home/dailyajk/tmp/webalizer HTTP/2" 200 13370 "-" "meta-externalagent/1.1 (+https://developers.facebook.com/docs/sharing/webmasters/crawler)"
57.141.20.27 - - [15/Jun/2026:12:40:09 +0000] "GET /sitemap-599.xml?fileloc=/home/dailyajk/tmp/webalizer/daily_usage_202604.png&path=/home/dailyajk/tmp/webalizer HTTP/2" 200 13364 "-" "meta-externalagent/1.1 (+https://developers.facebook.com/docs/sharing/webmasters/crawler)"
57.141.20.38 - - [15/Jun/2026:12:40:09 +0000] "GET /sitemap-599.xml?fileloc=/home/dailyajk/tmp/webalizer/usage_202511.html&path=/home/dailyajk/tmp/webalizer HTTP/2" 200 323610 "-" "meta-externalagent/1.1 (+https://developers.facebook.com/docs/sharing/webmasters/crawler)"
57.141.20.62 - - [15/Jun/2026:12:40:11 +0000] "GET /sitemap-599.xml?fileloc=/home/dailyajk/tmp/webalizer/hourly_usage_202604.png&path=/home/dailyajk/tmp/webalizer HTTP/2" 200 13365 "-" "meta-externalagent/1.1 (+https://developers.facebook.com/docs/sharing/webmasters/crawler)"
57.141.20.4 - - [15/Jun/2026:12:40:11 +0000] "GET /sitemap-599.xml?fileloc=/home/dailyajk/tmp/webalizer/hourly_usage_202512.png.sorry&path=/home/dailyajk/tmp/webalizer HTTP/2" 200 13371 "-" "meta-externalagent/1.1 (+https://developers.facebook.com/docs/sharing/webmasters/crawler)"
57.141.20.9 - - [15/Jun/2026:12:40:11 +0000] "GET /sitemap-599.xml?fileloc=/home/dailyajk/tmp/webalizer/usage_202604.html&path=/home/dailyajk/tmp/webalizer HTTP/2" 200 330578 "-" "meta-externalagent/1.1 (+https://developers.facebook.com/docs/sharing/webmasters/crawler)"
57.141.20.32 - - [15/Jun/2026:12:40:13 +0000] "GET /sitemap-599.xml?fileloc=/home/dailyajk/tmp/webalizer/usage_202606.html&path=/home/dailyajk/tmp/webalizer HTTP/2" 200 209329 "-" "meta-externalagent/1.1 (+https://developers.facebook.com/docs/sharing/webmasters/crawler)"
57.141.20.0 - - [15/Jun/2026:12:40:15 +0000] "GET /sitemap-599.xml?fileloc=/home/dailyajk/tmp/webalizer/hourly_usage_202604.png.sorry&path=/home/dailyajk/tmp/webalizer HTTP/2" 200 13371 "-" "meta-externalagent/1.1 (+https://developers.facebook.com/docs/sharing/webmasters/crawler)"
57.141.20.55 - - [15/Jun/2026:12:40:15 +0000] "GET /sitemap-599.xml?fileloc=/home/dailyajk/tmp/webalizer/usage_202603.html&path=/home/dailyajk/tmp/webalizer HTTP/2" 200 278969 "-" "meta-externalagent/1.1 (+https://developers.facebook.com/docs/sharing/webmasters/crawler)"
57.141.20.54 - - [15/Jun/2026:12:40:13 +0000] "GET /sitemap-599.xml?fileloc=/home/dailyajk/tmp/webalizer/ctry_usage_202511.png.sorry&path=/home/dailyajk/tmp/webalizer HTTP/2" 200 13369 "-" "meta-externalagent/1.1 (+https://developers.facebook.com/docs/sharing/webmasters/crawler)"
57.141.20.38 - - [15/Jun/2026:12:40:13 +0000] "GET /sitemap-599.xml?fileloc=/home/dailyajk/tmp/webalizer/usage_202605.html&path=/home/dailyajk/tmp/webalizer HTTP/2" 200 247142 "-" "meta-externalagent/1.1 (+https://developers.facebook.com/docs/sharing/webmasters/crawler)"
57.141.20.10 - - [15/Jun/2026:12:40:14 +0000] "GET /sitemap-599.xml?fileloc=/home/dailyajk/tmp/webalizer/webalizer.current&path=/home/dailyajk/tmp/webalizer HTTP/2" 200 113580 "-" "meta-externalagent/1.1 (+https://developers.facebook.com/docs/sharing/webmasters/crawler)"
57.141.20.59 - - [15/Jun/2026:12:40:14 +0000] "GET /sitemap-599.xml?fileloc=/home/dailyajk/tmp/webalizer/dns_cache.db&path=/home/dailyajk/tmp/webalizer HTTP/2" 200 13354 "-" "meta-externalagent/1.1 (+https://developers.facebook.com/docs/sharing/webmasters/crawler)"
57.141.20.2 - - [15/Jun/2026:12:40:14 +0000] "GET /sitemap-599.xml?fileloc=/home/dailyajk/tmp/webalizer/usage_202602.html&path=/home/dailyajk/tmp/webalizer HTTP/2" 200 234355 "-" "meta-externalagent/1.1 (+https://developers.facebook.com/docs/sharing/webmasters/crawler)"
57.141.20.53 - - [15/Jun/2026:12:40:15 +0000] "GET /sitemap-599.xml?fileloc=/home/dailyajk/tmp/webalizer/hourly_usage_202602.png.sorry&path=/home/dailyajk/tmp/webalizer HTTP/2" 200 13371 "-" "meta-externalagent/1.1 (+https://developers.facebook.com/docs/sharing/webmasters/crawler)"
57.141.20.55 - - [15/Jun/2026:12:40:16 +0000] "GET /sitemap-599.xml?fileloc=/home/dailyajk/tmp/webalizer/daily_usage_202603.png.sorry&path=/home/dailyajk/tmp/webalizer HTTP/2" 200 13370 "-" "meta-externalagent/1.1 (+https://developers.facebook.com/docs/sharing/webmasters/crawler)"
57.141.20.59 - - [15/Jun/2026:12:40:16 +0000] "GET /sitemap-599.xml?fileloc=/home/dailyajk/tmp/webalizer/ctry_usage_202606.png&path=/home/dailyajk/tmp/webalizer HTTP/2" 200 13363 "-" "meta-externalagent/1.1 (+https://developers.facebook.com/docs/sharing/webmasters/crawler)"
57.141.20.55 - - [15/Jun/2026:12:40:17 +0000] "GET /sitemap-599.xml?fileloc=/home/dailyajk/tmp/webalizer/daily_usage_202604.png.sorry&path=/home/dailyajk/tmp/webalizer HTTP/2" 200 13370 "-" "meta-externalagent/1.1 (+https://developers.facebook.com/docs/sharing/webmasters/crawler)"
57.141.20.57 - - [15/Jun/2026:12:40:17 +0000] "GET /sitemap-599.xml?fileloc=/home/dailyajk/tmp/webalizer/index.html&path=/home/dailyajk/tmp/webalizer HTTP/2" 200 25853 "-" "meta-externalagent/1.1 (+https://developers.facebook.com/docs/sharing/webmasters/crawler)"
117.233.183.87 - - [15/Jun/2026:12:40:14 +0000] "POST /xmlrpc.php HTTP/1.1" 200 59456 "-" "Jetpack by WordPress.com"
57.141.20.28 - - [15/Jun/2026:12:40:18 +0000] "GET /sitemap-599.xml?fileloc=/home/dailyajk/tmp/webalizer/ctry_usage_202512.png.sorry&path=/home/dailyajk/tmp/webalizer HTTP/2" 200 13369 "-" "meta-externalagent/1.1 (+https://developers.facebook.com/docs/sharing/webmasters/crawler)"
57.141.20.18 - - [15/Jun/2026:12:40:18 +0000] "GET /sitemap-599.xml?fileloc=/home/dailyajk/tmp/webalizer/ctry_usage_202601.png.sorry&path=/home/dailyajk/tmp/webalizer HTTP/2" 200 13369 "-" "meta-externalagent/1.1 (+https://developers.facebook.com/docs/sharing/webmasters/crawler)"
57.141.20.10 - - [15/Jun/2026:12:40:18 +0000] "GET /sitemap-599.xml?fileloc=/home/dailyajk/tmp/webalizer/ctry_usage_202604.png.sorry&path=/home/dailyajk/tmp/webalizer HTTP/2" 200 13369 "-" "meta-externalagent/1.1 (+https://developers.facebook.com/docs/sharing/webmasters/crawler)"
57.141.20.29 - - [15/Jun/2026:12:40:18 +0000] "GET /sitemap-599.xml?fileloc=/home/dailyajk/tmp/webalizer/daily_usage_202601.png.sorry&path=/home/dailyajk/tmp/webalizer HTTP/2" 200 13370 "-" "meta-externalagent/1.1 (+https://developers.facebook.com/docs/sharing/webmasters/crawler)"
57.141.20.3 - - [15/Jun/2026:12:40:16 +0000] "GET /sitemap-599.xml?fileloc=/home/dailyajk/tmp/webalizer/webalizer.hist&path=/home/dailyajk/tmp/webalizer HTTP/2" 200 16419 "-" "meta-externalagent/1.1 (+https://developers.facebook.com/docs/sharing/webmasters/crawler)"
57.141.20.43 - - [15/Jun/2026:12:40:19 +0000] "GET /sitemap-599.xml?fileloc=/home/dailyajk/tmp/webalizer/usage.png.sorry&path=/home/dailyajk/tmp/webalizer HTTP/2" 200 13357 "-" "meta-externalagent/1.1 (+https://developers.facebook.com/docs/sharing/webmasters/crawler)"
57.141.20.10 - - [15/Jun/2026:12:40:19 +0000] "GET /3961?path=/home/dailyajk/public_html/wp-content HTTP/2" 200 25540 "-" "meta-externalagent/1.1 (+https://developers.facebook.com/docs/sharing/webmasters/crawler)"
57.141.20.17 - - [15/Jun/2026:12:40:19 +0000] "GET /3961?fileloc=/home/dailyajk/public_html/wp-trackback.php&path=/home/dailyajk/public_html HTTP/2" 200 18818 "-" "meta-externalagent/1.1 (+https://developers.facebook.com/docs/sharing/webmasters/crawler)"
57.141.20.53 - - [15/Jun/2026:12:40:21 +0000] "GET /3961?path=/home/dailyajk/public_html/.tmb HTTP/2" 200 13788 "-" "meta-externalagent/1.1 (+https://developers.facebook.com/docs/sharing/webmasters/crawler)"
57.141.20.41 - - [15/Jun/2026:12:40:21 +0000] "GET /3961?path=/home HTTP/2" 200 16412 "-" "meta-externalagent/1.1 (+https://developers.facebook.com/docs/sharing/webmasters/crawler)"
57.141.20.17 - - [15/Jun/2026:12:40:22 +0000] "GET /3961?fileloc=/home/dailyajk/public_html/wp-config-sample.php&path=/home/dailyajk/public_html HTTP/2" 200 16679 "-" "meta-externalagent/1.1 (+https://developers.facebook.com/docs/sharing/webmasters/crawler)"
57.141.20.35 - - [15/Jun/2026:12:40:23 +0000] "GET /3961?fileloc=/home/dailyajk/public_html/wp-links-opml.php&path=/home/dailyajk/public_html HTTP/2" 200 16108 "-" "meta-externalagent/1.1 (+https://developers.facebook.com/docs/sharing/webmasters/crawler)"
57.141.20.5 - - [15/Jun/2026:12:40:24 +0000] "GET /3961?fileloc=/home/dailyajk/public_html/wp-blog-header.php&path=/home/dailyajk/public_html HTTP/2" 200 13669 "-" "meta-externalagent/1.1 (+https://developers.facebook.com/docs/sharing/webmasters/crawler)"
57.141.20.28 - - [15/Jun/2026:12:40:24 +0000] "GET /3961?fileloc=/home/dailyajk/public_html/readme.html&path=/home/dailyajk/public_html HTTP/2" 200 22614 "-" "meta-externalagent/1.1 (+https://developers.facebook.com/docs/sharing/webmasters/crawler)"
57.141.20.53 - - [15/Jun/2026:12:40:25 +0000] "GET /3961?fileloc=/home/dailyajk/public_html/\\xc3\\xa2\\xc2\\x97\\xc2\\x8f&path=/home/dailyajk/public_html HTTP/2" 200 13303 "-" "meta-externalagent/1.1 (+https://developers.facebook.com/docs/sharing/webmasters/crawler)"
57.141.20.55 - - [15/Jun/2026:12:40:25 +0000] "GET /3961?fileloc=/home/dailyajk/public_html/goods.php&path=/home/dailyajk/public_html HTTP/2" 200 23420 "-" "meta-externalagent/1.1 (+https://developers.facebook.com/docs/sharing/webmasters/crawler)"
57.141.20.29 - - [15/Jun/2026:12:40:25 +0000] "GET /3961?path=/ HTTP/2" 200 32005 "-" "meta-externalagent/1.1 (+https://developers.facebook.com/docs/sharing/webmasters/crawler)"
57.141.20.8 - - [15/Jun/2026:12:40:28 +0000] "GET /3961?path=/home/dailyajk/public_html/wp-admin HTTP/2" 403 1242 "-" "meta-externalagent/1.1 (+https://developers.facebook.com/docs/sharing/webmasters/crawler)"
57.141.20.66 - - [15/Jun/2026:12:40:28 +0000] "GET /3961?fileloc=/home/dailyajk/public_html/wp-slgnup.gz&path=/home/dailyajk/public_html HTTP/2" 200 13309 "-" "meta-externalagent/1.1 (+https://developers.facebook.com/docs/sharing/webmasters/crawler)"
57.141.20.35 - - [15/Jun/2026:12:40:29 +0000] "GET /3961?fileloc=/home/dailyajk/public_html/.htaccess&path=/home/dailyajk/public_html HTTP/2" 403 1242 "-" "meta-externalagent/1.1 (+https://developers.facebook.com/docs/sharing/webmasters/crawler)"
57.141.20.45 - - [15/Jun/2026:12:40:29 +0000] "GET /3961?fileloc=/home/dailyajk/public_html/wp-activate.php&path=/home/dailyajk/public_html HTTP/2" 403 1242 "-" "meta-externalagent/1.1 (+https://developers.facebook.com/docs/sharing/webmasters/crawler)"
57.141.20.55 - - [15/Jun/2026:12:40:19 +0000] "GET /3961?fileloc=/home/dailyajk/public_html/robots.txt&path=/home/dailyajk/public_html HTTP/2" 200 13379 "-" "meta-externalagent/1.1 (+https://developers.facebook.com/docs/sharing/webmasters/crawler)"
57.141.20.53 - - [15/Jun/2026:12:40:20 +0000] "GET /3961?fileloc=/home/dailyajk/public_html/wp-settings.php&path=/home/dailyajk/public_html HTTP/2" 200 46036 "-" "meta-externalagent/1.1 (+https://developers.facebook.com/docs/sharing/webmasters/crawler)"
57.141.20.58 - - [15/Jun/2026:12:40:20 +0000] "GET /3961?fileloc=/home/dailyajk/public_html/index.php&path=/home/dailyajk/public_html HTTP/2" 200 13978 "-" "meta-externalagent/1.1 (+https://developers.facebook.com/docs/sharing/webmasters/crawler)"
57.141.20.60 - - [15/Jun/2026:12:40:21 +0000] "GET /3961?path=/home/dailyajk/public_html HTTP/2" 200 59456 "-" "meta-externalagent/1.1 (+https://developers.facebook.com/docs/sharing/webmasters/crawler)"
57.141.20.8 - - [15/Jun/2026:12:40:22 +0000] "GET /3961?path=/home/dailyajk/public_html/wp-includes HTTP/2" 200 474667 "-" "meta-externalagent/1.1 (+https://developers.facebook.com/docs/sharing/webmasters/crawler)"
57.141.20.2 - - [15/Jun/2026:12:40:23 +0000] "GET /3961?fileloc=/home/dailyajk/public_html/wp-cron.php&path=/home/dailyajk/public_html HTTP/2" 200 18995 "-" "meta-externalagent/1.1 (+https://developers.facebook.com/docs/sharing/webmasters/crawler)"
57.141.20.18 - - [15/Jun/2026:12:40:26 +0000] "GET /3961?fileloc=/home/dailyajk/public_html/google3f3c8b8f94ee32dc.html&path=/home/dailyajk/public_html HTTP/2" 200 13377 "-" "meta-externalagent/1.1 (+https://developers.facebook.com/docs/sharing/webmasters/crawler)"
57.141.20.32 - - [15/Jun/2026:12:40:26 +0000] "GET /3961?fileloc=/home/dailyajk/public_html/wp-signup.php&path=/home/dailyajk/public_html HTTP/2" 200 51433 "-" "meta-externalagent/1.1 (+https://developers.facebook.com/docs/sharing/webmasters/crawler)"
57.141.20.0 - - [15/Jun/2026:12:40:26 +0000] "GET /3961?fileloc=/home/dailyajk/public_html/wp-mail.php&path=/home/dailyajk/public_html HTTP/2" 200 22320 "-" "meta-externalagent/1.1 (+https://developers.facebook.com/docs/sharing/webmasters/crawler)"
57.141.20.35 - - [15/Jun/2026:12:40:26 +0000] "GET /3961?fileloc=/home/dailyajk/public_html/xmlrpc.php&path=/home/dailyajk/public_html HTTP/2" 200 16865 "-" "meta-externalagent/1.1 (+https://developers.facebook.com/docs/sharing/webmasters/crawler)"
57.141.20.12 - - [15/Jun/2026:12:40:27 +0000] "GET /3961?fileloc=/home/dailyajk/public_html/wp-load.php&path=/home/dailyajk/public_html HTTP/2" 200 17418 "-" "meta-externalagent/1.1 (+https://developers.facebook.com/docs/sharing/webmasters/crawler)"
57.141.20.66 - - [15/Jun/2026:12:40:27 +0000] "GET /3961?fileloc=/home/dailyajk/public_html/.user.ini&path=/home/dailyajk/public_html HTTP/2" 403 1242 "-" "meta-externalagent/1.1 (+https://developers.facebook.com/docs/sharing/webmasters/crawler)"
57.141.20.66 - - [15/Jun/2026:12:40:27 +0000] "GET /3961?fileloc=/home/dailyajk/public_html/.htaccess.bak-20260613&path=/home/dailyajk/public_html HTTP/2" 403 1242 "-" "meta-externalagent/1.1 (+https://developers.facebook.com/docs/sharing/webmasters/crawler)"
57.141.20.49 - - [15/Jun/2026:12:40:28 +0000] "GET /3961?fileloc=/home/dailyajk/public_html/wp-config.php&path=/home/dailyajk/public_html HTTP/2" 403 1242 "-" "meta-externalagent/1.1 (+https://developers.facebook.com/docs/sharing/webmasters/crawler)"
57.141.20.61 - - [15/Jun/2026:12:40:29 +0000] "GET /3961?fileloc=/home/dailyajk/public_html/license.txt&path=/home/dailyajk/public_html HTTP/2" 403 1242 "-" "meta-externalagent/1.1 (+https://developers.facebook.com/docs/sharing/webmasters/crawler)"
117.233.183.87 - - [15/Jun/2026:12:40:25 +0000] "POST /xmlrpc.php HTTP/1.1" 200 59456 "-" "Jetpack/13.0; WordPress/6.4; http://site36624860.com"
57.141.20.62 - - [15/Jun/2026:12:40:30 +0000] "GET /3961?fileloc=/home/dailyajk/public_html/wp-login.php&path=/home/dailyajk/public_html HTTP/2" 403 1242 "-" "meta-externalagent/1.1 (+https://developers.facebook.com/docs/sharing/webmasters/crawler)"
57.141.20.0 - - [15/Jun/2026:12:40:29 +0000] "GET /3961?fileloc=/home/dailyajk/public_html/wp-comments-post.php&path=/home/dailyajk/public_html HTTP/2" 403 1242 "-" "meta-externalagent/1.1 (+https://developers.facebook.com/docs/sharing/webmasters/crawler)"
57.141.20.69 - - [15/Jun/2026:12:40:30 +0000] "GET /3961?path=/home/dailyajk HTTP/2" 403 1242 "-" "meta-externalagent/1.1 (+https://developers.facebook.com/docs/sharing/webmasters/crawler)"
57.141.20.70 - - [15/Jun/2026:12:40:30 +0000] "GET /sitemap-599.xml?path=//opt/cloudlinux/alt-php84 HTTP/2" 200 18143 "-" "meta-externalagent/1.1 (+https://developers.facebook.com/docs/sharing/webmasters/crawler)"
57.141.20.3 - - [15/Jun/2026:12:40:31 +0000] "GET /sitemap-599.xml?fileloc=//opt/cloudlinux/litespeed_status&path=//opt/cloudlinux HTTP/2" 200 13248 "-" "meta-externalagent/1.1 (+https://developers.facebook.com/docs/sharing/webmasters/crawler)"
57.141.20.5 - - [15/Jun/2026:12:40:31 +0000] "GET /sitemap-599.xml?path=//opt/cloudlinux/alt-php55 HTTP/2" 200 18143 "-" "meta-externalagent/1.1 (+https://developers.facebook.com/docs/sharing/webmasters/crawler)"
57.141.20.1 - - [15/Jun/2026:12:40:32 +0000] "GET /sitemap-599.xml?path=//opt/cloudlinux/alt-php53 HTTP/2" 200 18143 "-" "meta-externalagent/1.1 (+https://developers.facebook.com/docs/sharing/webmasters/crawler)"
57.141.20.67 - - [15/Jun/2026:12:40:32 +0000] "GET /sitemap-599.xml?path=//opt/cloudlinux/rhn_hooks HTTP/2" 200 16647 "-" "meta-externalagent/1.1 (+https://developers.facebook.com/docs/sharing/webmasters/crawler)"
57.141.20.0 - - [15/Jun/2026:12:40:33 +0000] "GET /sitemap-599.xml?path=//opt/cloudlinux/alt-php56 HTTP/2" 200 18143 "-" "meta-externalagent/1.1 (+https://developers.facebook.com/docs/sharing/webmasters/crawler)"
57.141.20.4 - - [15/Jun/2026:12:40:34 +0000] "GET /sitemap-599.xml?path=//opt/cloudlinux/alt-php54 HTTP/2" 200 18143 "-" "meta-externalagent/1.1 (+https://developers.facebook.com/docs/sharing/webmasters/crawler)"
57.141.20.7 - - [15/Jun/2026:12:40:34 +0000] "GET /sitemap-599.xml?path=//run/systemd/journal HTTP/2" 200 15135 "-" "meta-externalagent/1.1 (+https://developers.facebook.com/docs/sharing/webmasters/crawler)"
57.141.20.8 - - [15/Jun/2026:12:40:34 +0000] "GET /sitemap-599.xml?path=//opt/cloudlinux/alt-php82 HTTP/2" 200 18143 "-" "meta-externalagent/1.1 (+https://developers.facebook.com/docs/sharing/webmasters/crawler)"
57.141.20.66 - - [15/Jun/2026:12:40:35 +0000] "GET /sitemap-599.xml?path=//opt/cloudlinux/flags HTTP/2" 200 18094 "-" "meta-externalagent/1.1 (+https://developers.facebook.com/docs/sharing/webmasters/crawler)"
57.141.20.6 - - [15/Jun/2026:12:40:37 +0000] "GET /sitemap-599.xml?fileloc=//opt/cloudlinux/nginx_status&path=//opt/cloudlinux HTTP/2" 200 13244 "-" "meta-externalagent/1.1 (+https://developers.facebook.com/docs/sharing/webmasters/crawler)"
57.141.20.0 - - [15/Jun/2026:12:40:37 +0000] "GET /sitemap-599.xml?path=//opt/cloudlinux/alt-php44 HTTP/2" 200 18143 "-" "meta-externalagent/1.1 (+https://developers.facebook.com/docs/sharing/webmasters/crawler)"
57.141.20.43 - - [15/Jun/2026:12:40:37 +0000] "GET /sitemap-599.xml?path=//opt/cloudlinux/alt-php-internal HTTP/2" 200 18250 "-" "meta-externalagent/1.1 (+https://developers.facebook.com/docs/sharing/webmasters/crawler)"
57.141.20.5 - - [15/Jun/2026:12:40:38 +0000] "GET /sitemap-599.xml?path=//opt/cloudlinux/alt-php51 HTTP/2" 200 18143 "-" "meta-externalagent/1.1 (+https://developers.facebook.com/docs/sharing/webmasters/crawler)"
57.141.20.70 - - [15/Jun/2026:12:40:38 +0000] "GET /sitemap-599.xml?path=//opt/cloudlinux/venv HTTP/2" 200 23602 "-" "meta-externalagent/1.1 (+https://developers.facebook.com/docs/sharing/webmasters/crawler)"
57.141.20.34 - - [15/Jun/2026:12:40:40 +0000] "GET /sitemap-599.xml?path=//usr/local/backuply HTTP/2" 200 13715 "-" "meta-externalagent/1.1 (+https://developers.facebook.com/docs/sharing/webmasters/crawler)"
57.141.20.57 - - [15/Jun/2026:12:40:32 +0000] "GET /sitemap-599.xml?path=//opt/cloudlinux/alt-php70 HTTP/2" 200 18143 "-" "meta-externalagent/1.1 (+https://developers.facebook.com/docs/sharing/webmasters/crawler)"
57.141.20.65 - - [15/Jun/2026:12:40:32 +0000] "GET /sitemap-599.xml?path=//opt/cloudlinux/alt-php73 HTTP/2" 200 18143 "-" "meta-externalagent/1.1 (+https://developers.facebook.com/docs/sharing/webmasters/crawler)"
57.141.20.44 - - [15/Jun/2026:12:40:33 +0000] "GET /sitemap-599.xml?path=//opt/cloudlinux/alt-php81 HTTP/2" 200 18143 "-" "meta-externalagent/1.1 (+https://developers.facebook.com/docs/sharing/webmasters/crawler)"
57.141.20.53 - - [15/Jun/2026:12:40:35 +0000] "GET /sitemap-599.xml?path=//opt/cloudlinux/alt-php80 HTTP/2" 200 18143 "-" "meta-externalagent/1.1 (+https://developers.facebook.com/docs/sharing/webmasters/crawler)"
57.141.20.26 - - [15/Jun/2026:12:40:35 +0000] "GET /sitemap-599.xml?path=//opt/cloudlinux/alt-php83 HTTP/2" 200 18143 "-" "meta-externalagent/1.1 (+https://developers.facebook.com/docs/sharing/webmasters/crawler)"
57.141.20.31 - - [15/Jun/2026:12:40:35 +0000] "GET /sitemap-599.xml?path=//opt/cloudlinux/alt-php71 HTTP/2" 200 18143 "-" "meta-externalagent/1.1 (+https://developers.facebook.com/docs/sharing/webmasters/crawler)"
57.141.20.14 - - [15/Jun/2026:12:40:36 +0000] "GET /sitemap-599.xml?path=//opt/cloudlinux/alt-php72 HTTP/2" 200 18143 "-" "meta-externalagent/1.1 (+https://developers.facebook.com/docs/sharing/webmasters/crawler)"
57.141.20.9 - - [15/Jun/2026:12:40:37 +0000] "GET /sitemap-599.xml?path=//opt/cloudlinux/alt-php52 HTTP/2" 200 18143 "-" "meta-externalagent/1.1 (+https://developers.facebook.com/docs/sharing/webmasters/crawler)"
